ヤミRoot Mod By V1rus_Alfa
User / IP
:
216.73.217.5
Host / Server
:
91.203.178.194 / vektor-smolensk.ru
System
:
Linux s2.saulgrad.ru 4.19.0-27-amd64 #1 SMP Debian 4.19.316-1 (2024-06-25) x86_64
Command
|
Upload
|
Mass Deface
|
Create
:
/
var
/
www
/
vektor-smolensk
/
data
/
logs
/
Viewing: .vektor-smolensk.ru.access.log.todelete.ab837049
185.174.159.249 - - [22/Oct/2023:06:39:03 +0300] "GET /kontakty/ HTTP/1.0" 301 169 "http://vektor-smolensk.ru/kontakty/" "Mozilla/5.0 (Windows NT 6.3; Win64; x64) AppleWebKit/537.36 (KHTML, like Gecko) Chrome/103.0.5060.53 Safari/537.36"
136.243.212.93 - - [22/Oct/2023:06:28:45 +0300] "GET /product-category/%D0%B6%D0%B5%D0%BD%D1%81%D0%BA%D0%B0%D1%8F-%D0%BE%D0%B4%D0%B5%D0%B6%D0%B4%D0%B0/ HTTP/1.0" 504 517 "-" "serpstatbot/2.1 (advanced backlink tracking bot; https://serpstatbot.com/; abuse@serpstatbot.com)"
136.243.212.93 - - [22/Oct/2023:06:29:22 +0300] "GET /product-tag/%D0%B1%D1%80%D1%8E%D0%BA%D0%B8-%D0%BC%D1%83%D0%B6%D1%81%D0%BA%D0%B8%D0%B5/ HTTP/1.0" 504 517 "-" "serpstatbot/2.1 (advanced backlink tracking bot; https://serpstatbot.com/; abuse@serpstatbot.com)"
136.243.212.93 - - [22/Oct/2023:06:26:54 +0300] "GET /product-tag/%D0%BF%D0%BE%D0%BB%D1%83%D0%BF%D0%B0%D0%BB%D1%8C%D1%86%D1%8B-solo/ HTTP/1.0" 504 517 "-" "serpstatbot/2.1 (advanced backlink tracking bot; https://serpstatbot.com/; abuse@serpstatbot.com)"
136.243.212.93 - - [22/Oct/2023:06:29:59 +0300] "GET /product-tag/%D0%B7%D0%B0%D1%89%D0%B8%D1%82%D0%B0%D0%B0-%D0%B4%D0%BB%D1%8F-%D1%81%D1%82%D0%BE%D0%BF%D1%8B-solo/ HTTP/1.0" 504 517 "-" "serpstatbot/2.1 (advanced backlink tracking bot; https://serpstatbot.com/; abuse@serpstatbot.com)"
136.243.212.93 - - [22/Oct/2023:06:32:04 +0300] "GET /product-tag/%D0%BA%D0%BE%D0%B2%D1%80%D0%B8%D0%BA-%D0%B3%D0%B8%D0%BC%D0%BD%D0%B0%D1%81%D1%82%D0%B8%D0%BA%D0%B0-%D0%BA%D1%83%D0%BF%D0%B8%D1%82%D1%8C/ HTTP/1.0" 504 517 "-" "serpstatbot/2.1 (advanced backlink tracking bot; https://serpstatbot.com/; abuse@serpstatbot.com)"
136.243.212.93 - - [22/Oct/2023:06:32:20 +0300] "GET /product-tag/%D0%BA%D0%BE%D0%B2%D1%80%D0%B8%D0%BA-%D0%B4%D0%B5%D1%82%D1%81%D0%BA%D0%B8%D0%B9-%D0%BA%D1%83%D0%BF%D0%B8%D1%82%D1%8C-%D1%81%D0%BC%D0%BE%D0%BB%D0%B5%D0%BD%D1%81%D0%BA/ HTTP/1.0" 504 517 "-" "serpstatbot/2.1 (advanced backlink tracking bot; https://serpstatbot.com/; abuse@serpstatbot.com)"
136.243.212.93 - - [22/Oct/2023:06:30:36 +0300] "GET /product-tag/%D0%B7%D0%B0%D1%89%D0%B8%D1%82%D0%B0-%D1%81%D1%82%D0%BE%D0%BF%D1%8B-%D1%81%D0%BE%D0%BB%D0%BE/ HTTP/1.0" 504 517 "-" "serpstatbot/2.1 (advanced backlink tracking bot; https://serpstatbot.com/; abuse@serpstatbot.com)"
136.243.212.93 - - [22/Oct/2023:06:32:55 +0300] "GET /product-tag/%D0%BA%D0%BE%D0%BB%D0%B3%D0%BE%D1%82%D0%BA%D0%B8-%D0%B4%D0%BB%D1%8F-%D0%B2%D1%8B%D1%81%D1%82%D1%83%D0%BF%D0%BB%D0%B5%D0%BD%D0%B8%D0%B9/ HTTP/1.0" 504 517 "-" "serpstatbot/2.1 (advanced backlink tracking bot; https://serpstatbot.com/; abuse@serpstatbot.com)"
150.95.112.79 - - [22/Oct/2023:06:33:00 +0300] "POST /xmlrpc.php HTTP/1.0" 504 517 "-" "Mozilla/5.0 (X11; Fedora; Linux x86_64; rv:94.0) Gecko/20100101 Firefox/95.0"
136.243.212.93 - - [22/Oct/2023:06:31:10 +0300] "GET /product-tag/%D0%B7%D0%B0%D1%89%D0%B8%D1%82%D0%B0-%D1%81%D1%82%D0%BE%D0%BF%D1%8B/ HTTP/1.0" 504 517 "-" "serpstatbot/2.1 (advanced backlink tracking bot; https://serpstatbot.com/; abuse@serpstatbot.com)"
136.243.212.93 - - [22/Oct/2023:06:33:30 +0300] "GET /product-tag/%D0%BA%D0%BE%D0%BB%D0%B3%D0%BE%D1%82%D0%BA%D0%B8-%D0%B4%D0%BB%D1%8F-%D1%82%D0%B0%D0%BD%D1%86%D0%B5%D0%B2-%D0%BA%D1%83%D0%BF%D0%B8%D1%82%D1%8C-%D1%81%D0%BC%D0%BE%D0%BB%D0%B5%D0%BD%D1%81%D0%BA/ HTTP/1.0" 504 517 "-" "serpstatbot/2.1 (advanced backlink tracking bot; https://serpstatbot.com/; abuse@serpstatbot.com)"
136.243.212.93 - - [22/Oct/2023:06:34:04 +0300] "GET /product-tag/%D0%BA%D0%BE%D0%BB%D0%B3%D0%BE%D1%82%D0%BA%D0%B8-40den-%D0%BA%D1%83%D0%BF%D0%B8%D1%82%D1%8C/ HTTP/1.0" 504 517 "-" "serpstatbot/2.1 (advanced backlink tracking bot; https://serpstatbot.com/; abuse@serpstatbot.com)"
136.243.212.93 - - [22/Oct/2023:06:34:39 +0300] "GET /product-tag/%D0%BA%D0%BE%D0%BB%D0%B3%D0%BE%D1%82%D0%BA%D0%B8-prostyle/ HTTP/1.0" 504 517 "-" "serpstatbot/2.1 (advanced backlink tracking bot; https://serpstatbot.com/; abuse@serpstatbot.com)"
43.128.54.42 - - [22/Oct/2023:06:35:02 +0300] "GET / HTTP/1.0" 504 517 "-" "Mozilla/5.0 (Windows NT 6.1; Win64; x64) AppleWebKit/537.36 (KHTML, like Gecko) Chrome/79.0.3945.88 Safari/537.36"
43.128.54.42 - - [22/Oct/2023:06:34:54 +0300] "GET / HTTP/1.0" 504 517 "-" "Mozilla/5.0 (Windows NT 6.1; Win64; x64) AppleWebKit/537.36 (KHTML, like Gecko) Chrome/79.0.3945.88 Safari/537.36"
136.243.212.93 - - [22/Oct/2023:06:40:48 +0300] "GET /product-tag/%D0%BA%D0%BE%D1%81%D1%82%D1%8E%D0%BC-%D1%81%D0%BF%D0%BE%D1%80%D1%82%D0%B8%D0%B2%D0%BD%D1%8B%D0%B9-%D0%BA%D1%83%D0%BF%D0%B8%D1%82%D1%8C/ HTTP/1.0" 504 517 "-" "serpstatbot/2.1 (advanced backlink tracking bot; https://serpstatbot.com/; abuse@serpstatbot.com)"
136.243.212.93 - - [22/Oct/2023:06:39:40 +0300] "GET /product-tag/%D0%BA%D0%BE%D1%81%D1%82%D1%8E%D0%BC-%D0%B3%D0%BE%D1%80%D0%BD%D0%BE%D0%BB%D1%8B%D0%B6%D0%BD%D1%8B%D0%B9/ HTTP/1.0" 504 517 "-" "serpstatbot/2.1 (advanced backlink tracking bot; https://serpstatbot.com/; abuse@serpstatbot.com)"
185.174.159.249 - - [22/Oct/2023:06:41:20 +0300] "GET / HTTP/1.0" 500 4570 "https://vektor-smolensk.ru/" "Mozilla/5.0 (Windows NT 6.3; Win64; x64) AppleWebKit/537.36 (KHTML, like Gecko) Chrome/103.0.5060.53 Safari/537.36"
136.243.212.93 - - [22/Oct/2023:06:47:28 +0300] "GET /wp-content/uploads/2022/04/6224095747.webp HTTP/1.0" 200 6269 "-" "serpstatbot/2.1 (advanced backlink tracking bot; https://serpstatbot.com/; abuse@serpstatbot.com)"
136.243.212.93 - - [22/Oct/2023:06:47:23 +0300] "GET /wp-content/uploads/2022/04/MarkAndre-1905-%D1%86%D0%B2%D0%B5%D1%82%D1%8B.webp HTTP/1.0" 200 6239 "-" "serpstatbot/2.1 (advanced backlink tracking bot; https://serpstatbot.com/; abuse@serpstatbot.com)"
136.243.212.93 - - [22/Oct/2023:06:47:24 +0300] "GET /wp-content/uploads/2022/04/6224095845.webp HTTP/1.0" 200 12842 "-" "serpstatbot/2.1 (advanced backlink tracking bot; https://serpstatbot.com/; abuse@serpstatbot.com)"
136.243.212.93 - - [22/Oct/2023:06:47:29 +0300] "GET /wp-content/uploads/2022/04/6224095829.webp HTTP/1.0" 200 9813 "-" "serpstatbot/2.1 (advanced backlink tracking bot; https://serpstatbot.com/; abuse@serpstatbot.com)"
66.249.66.64 - - [22/Oct/2023:06:42:14 +0300] "GET /product-tag/%D0%B0%D1%80%D0%B3%D0%BE-%D0%BA%D0%BB%D0%B0%D1%81%D1%81%D0%B8%D0%BA/ HTTP/1.0" 500 4570 "-" "Mozilla/5.0 (Linux; Android 6.0.1; Nexus 5X Build/MMB29P) AppleWebKit/537.36 (KHTML, like Gecko) Chrome/118.0.5993.88 Mobile Safari/537.36 (compatible; Googlebot/2.1; +http://www.google.com/bot.html)"
136.243.212.93 - - [22/Oct/2023:06:42:45 +0300] "GET /product-tag/%D0%BA%D1%83%D1%80%D1%82%D0%BA%D0%B0-%D0%BC%D0%B5%D0%BC%D0%B1%D1%80%D0%B0%D0%BD%D0%BD%D0%B0%D1%8F-%D0%BA%D1%83%D0%BF%D0%B8%D1%82%D1%8C/ HTTP/1.0" 500 4570 "-" "serpstatbot/2.1 (advanced backlink tracking bot; https://serpstatbot.com/; abuse@serpstatbot.com)"
136.243.212.93 - - [22/Oct/2023:06:41:28 +0300] "GET /product/%D0%BA%D1%83%D1%80%D1%82%D0%BA%D0%B0-%D0%B1%D1%80%D0%B5%D0%BD%D0%B4-trespass-2/ HTTP/1.0" 500 4570 "-" "serpstatbot/2.1 (advanced backlink tracking bot; https://serpstatbot.com/; abuse@serpstatbot.com)"
136.243.212.93 - - [22/Oct/2023:06:41:57 +0300] "GET /product-tag/%D0%BC%D0%B0%D0%BD%D0%B8%D1%81%D1%82%D0%BE%D0%BA%D0%BE%D1%81%D1%82%D1%8E%D0%BC/ HTTP/1.0" 500 4570 "-" "serpstatbot/2.1 (advanced backlink tracking bot; https://serpstatbot.com/; abuse@serpstatbot.com)"
136.243.212.93 - - [22/Oct/2023:06:42:05 +0300] "GET /product-tag/%D0%BA%D1%83%D0%BF%D0%B8%D1%82%D1%8C-%D1%81%D0%BF%D0%BE%D1%80%D1%82%D0%B8%D0%B2%D0%BD%D1%8B%D0%B5-%D0%BD%D0%BE%D1%81%D0%BA%D0%B8/ HTTP/1.0" 500 4570 "-" "serpstatbot/2.1 (advanced backlink tracking bot; https://serpstatbot.com/; abuse@serpstatbot.com)"
136.243.212.93 - - [22/Oct/2023:06:42:20 +0300] "GET /product-tag/%D0%BA%D1%83%D0%BF%D0%B8%D1%82%D1%8C-%D1%83%D1%82%D1%8F%D0%B6%D0%B5%D0%BB%D0%B8%D1%82%D0%B5%D0%BB%D0%B8-%D1%81%D0%BC%D0%BE%D0%BB%D0%B5%D0%BD%D1%81%D0%BA/ HTTP/1.0" 500 4570 "-" "serpstatbot/2.1 (advanced backlink tracking bot; https://serpstatbot.com/; abuse@serpstatbot.com)"
185.174.159.249 - - [22/Oct/2023:06:41:20 +0300] "GET /kontakty/ HTTP/1.0" 500 4570 "https://vektor-smolensk.ru/kontakty/" "Mozilla/5.0 (Windows NT 6.3; Win64; x64) AppleWebKit/537.36 (KHTML, like Gecko) Chrome/103.0.5060.53 Safari/537.36"
136.243.212.93 - - [22/Oct/2023:06:42:52 +0300] "GET /product-tag/%D0%BA%D1%83%D1%80%D1%82%D0%BA%D0%B0-%D0%BC%D1%83%D0%B6%D1%81%D0%BA%D0%B0%D1%8F/ HTTP/1.0" 500 4570 "-" "serpstatbot/2.1 (advanced backlink tracking bot; https://serpstatbot.com/; abuse@serpstatbot.com)"
213.152.186.35 - - [22/Oct/2023:06:43:21 +0300] "POST /xmlrpc.php HTTP/1.0" 200 259 "-" "Mozilla/5.0 (Windows NT 10.0; Win64; x64) AppleWebKit/537.36 (KHTML, like Gecko) Chrome/100.0.4896.127 Safari/537.36"
95.108.213.98 - - [22/Oct/2023:06:41:20 +0300] "GET /product-tag/%D0%B2%D0%BE%D0%B4%D0%BE%D0%BB%D0%B0%D0%B7%D0%BA%D0%B0-%D0%B4%D0%BB%D1%8F-%D0%B1%D0%B0%D0%BB%D1%8C%D0%BD%D1%8B%D1%85-%D1%82%D0%B0%D0%BD%D1%86%D0%B5%D0%B2/ HTTP/1.0" 500 4570 "-" "Mozilla/5.0 (compatible; YandexBot/3.0; +http://yandex.com/bots)"
136.243.212.93 - - [22/Oct/2023:06:41:20 +0300] "GET /product-tag/%D0%BA%D1%83%D0%BF%D0%B8%D1%82%D1%8C-%D0%BB%D0%BE%D1%81%D0%B8%D0%BD%D1%8B-%D1%81%D0%BC%D0%BE%D0%BB%D0%B5%D0%BD%D1%81%D0%BA/ HTTP/1.0" 500 4570 "-" "serpstatbot/2.1 (advanced backlink tracking bot; https://serpstatbot.com/; abuse@serpstatbot.com)"
136.243.212.93 - - [22/Oct/2023:06:38:34 +0300] "GET /product-tag/%D0%BA%D0%BE%D1%80%D1%80%D0%B8/ HTTP/1.0" 504 517 "-" "serpstatbot/2.1 (advanced backlink tracking bot; https://serpstatbot.com/; abuse@serpstatbot.com)"
136.243.212.93 - - [22/Oct/2023:06:39:04 +0300] "GET /product-tag/%D0%BA%D0%BE%D1%81%D1%82%D1%8E%D0%BC%D1%81%D0%BF%D0%BE%D1%80%D1%82%D0%B8%D0%B2%D0%BD%D1%8B%D0%B9/ HTTP/1.0" 504 517 "-" "serpstatbot/2.1 (advanced backlink tracking bot; https://serpstatbot.com/; abuse@serpstatbot.com)"
136.243.212.93 - - [22/Oct/2023:06:40:56 +0300] "GET /product-tag/%D0%BA%D1%83%D0%BF%D0%B8%D1%82%D1%8C-%D0%BA%D0%BE%D0%BB%D0%B3%D0%BE%D1%82%D0%BA%D0%B8-%D0%B4%D0%BB%D1%8F-%D1%84%D0%B8%D0%B3%D1%83%D1%80%D0%BD%D0%BE%D0%B3%D0%BE-%D0%BA%D0%B0%D1%82%D0%B0%D0%BD%D0%B8-2/ HTTP/1.0" 504 517 "-" "serpstatbot/2.1 (advanced backlink tracking bot; https://serpstatbot.com/; abuse@serpstatbot.com)"
136.243.212.93 - - [22/Oct/2023:06:40:01 +0300] "GET /product-tag/%D0%BA%D0%BE%D1%81%D1%82%D1%8E%D0%BC-%D0%B4%D0%B5%D0%B2%D0%BE%D1%87%D0%BA%D0%B5-%D1%84%D0%B8%D0%B3%D1%83%D1%80%D0%BD%D0%BE%D0%B5-%D0%BA%D0%B0%D1%82%D0%B0%D0%BD%D0%B8%D0%B5-%D1%81%D0%BC%D0%BE%D0%BB/ HTTP/1.0" 504 517 "-" "serpstatbot/2.1 (advanced backlink tracking bot; https://serpstatbot.com/; abuse@serpstatbot.com)"
136.243.212.93 - - [22/Oct/2023:06:43:09 +0300] "GET /product-tag/%D0%BA%D1%83%D1%80%D1%82%D0%BA%D0%B0-five-seasons/ HTTP/1.0" 500 4570 "-" "serpstatbot/2.1 (advanced backlink tracking bot; https://serpstatbot.com/; abuse@serpstatbot.com)"
136.243.212.93 - - [22/Oct/2023:06:44:17 +0300] "GET /product-tag/%D0%BE%D0%B4%D0%B5%D0%B6%D0%B4%D0%B0-%D0%B4%D0%BB%D1%8F-%D0%B9%D0%BE%D0%B3%D0%B8/ HTTP/1.0" 500 4570 "-" "serpstatbot/2.1 (advanced backlink tracking bot; https://serpstatbot.com/; abuse@serpstatbot.com)"
136.243.212.93 - - [22/Oct/2023:06:47:23 +0300] "GET /product/%D0%BA%D1%83%D0%BF%D0%B0%D0%BB%D1%8C%D0%BD%D0%B8%D0%BA-%D0%B3%D0%B8%D0%BC%D0%BD%D0%B0%D1%81%D1%82%D0%B8%D1%87%D0%B5%D1%81%D0%BA%D0%B8%D0%B9-%D1%81-%D1%8E%D0%B1%D0%BA%D0%BE%D0%B9-%D0%B0%D1%80%D1%82-7-4/component/k2/item/113-%D0%B1%D1%80%D0%B5%D0%BD%D0%B4-%D1%87%D0%B5%D1%80%D1%81%D0%B0 HTTP/1.0" 500 3707 "-" "serpstatbot/2.1 (advanced backlink tracking bot; https://serpstatbot.com/; abuse@serpstatbot.com)"
92.204.139.118 - - [22/Oct/2023:06:46:32 +0300] "POST /xmlrpc.php HTTP/1.0" 200 259 "-" "Mozilla/5.0 (X11; Fedora; Linux x86_64; rv:94.0) Gecko/20100101 Firefox/95.0"
136.243.212.93 - - [22/Oct/2023:06:47:50 +0300] "GET /wp-content/uploads/2022/04/6224095741.webp HTTP/1.0" 200 9783 "-" "serpstatbot/2.1 (advanced backlink tracking bot; https://serpstatbot.com/; abuse@serpstatbot.com)"
136.243.212.93 - - [22/Oct/2023:06:40:22 +0300] "GET /product-tag/%D0%BA%D0%BE%D1%81%D1%82%D1%8E%D0%BC-%D0%B4%D0%B5%D1%82%D1%81%D0%BA%D0%B8%D0%B9-%D0%B2%D0%BE%D1%81%D1%82%D0%BE%D1%87%D0%BD%D1%8B%D0%B9/ HTTP/1.0" 504 517 "-" "serpstatbot/2.1 (advanced backlink tracking bot; https://serpstatbot.com/; abuse@serpstatbot.com)"
136.243.212.93 - - [22/Oct/2023:06:48:21 +0300] "GET /wp-content/uploads/2022/04/6224095738.webp HTTP/1.0" 200 7717 "-" "serpstatbot/2.1 (advanced backlink tracking bot; https://serpstatbot.com/; abuse@serpstatbot.com)"
136.243.212.93 - - [22/Oct/2023:06:48:54 +0300] "GET /wp-content/uploads/2022/04/6224095642.webp HTTP/1.0" 200 6767 "-" "serpstatbot/2.1 (advanced backlink tracking bot; https://serpstatbot.com/; abuse@serpstatbot.com)"
136.243.212.93 - - [22/Oct/2023:06:49:28 +0300] "GET /product/%D0%BB%D0%BE%D1%81%D0%B8%D0%BD%D1%8B-%D0%B0%D1%80%D0%B3%D0%BE-%D1%8D%D0%BA%D1%81%D0%BA%D0%BB%D1%8E%D0%B7%D0%B8%D0%B2-l-06/shop-x/%D1%84%D0%B8%D1%82%D0%BD%D0%B5%D1%81,-%D1%82%D0%B0%D0%BD%D1%86%D1%8B,-%D1%85%D0%BE%D1%80%D0%B5%D0%BE%D0%B3%D1%80%D0%B0%D1%84%D0%B8%D1%8F,-%D0%B3%D0%B8%D0%BC%D0%BD%D0%B0%D1%81%D1%82%D0%B8%D0%BA%D0%B0/%D0%BE%D0%B4%D0%B5%D0%B6%D0%B4%D0%B0/item/163-%D0%BB%D0%BE%D1%81%D0%B8%D0%BD%D1%8B-%D0%B6%D0%B5%D0%BD%D1%81%D0%BA%D0%B8%D0%B5 HTTP/1.0" 404 21888 "-" "serpstatbot/2.1 (advanced backlink tracking bot; https://serpstatbot.com/; abuse@serpstatbot.com)"
91.203.178.194 - - [22/Oct/2023:06:49:38 +0300] "POST /wp-cron.php?doing_wp_cron=1697946577.9798910617828369140625 HTTP/1.0" 200 259 "-" "WordPress/6.3.2; https://vektor-smolensk.ru"
136.243.212.93 - - [22/Oct/2023:06:50:02 +0300] "GET /product-category/%D1%84%D0%B8%D1%82%D0%BD%D0%B5%D1%81-%D1%82%D0%B0%D0%BD%D1%86%D1%8B-%D1%85%D0%BE%D1%80%D0%B5%D0%BE%D0%B3%D1%80%D0%B0%D1%84%D0%B8%D1%8F-%D0%B3%D0%B8%D0%BC%D0%BD%D0%B0%D1%81%D1%82%D0%B8%D0%BA%D0%B0/page/1/ HTTP/1.0" 301 459 "-" "serpstatbot/2.1 (advanced backlink tracking bot; https://serpstatbot.com/; abuse@serpstatbot.com)"
91.203.178.194 - - [22/Oct/2023:06:50:04 +0300] "POST /wp-cron.php?doing_wp_cron=1697946604.7102279663085937500000 HTTP/1.0" 200 259 "-" "WordPress/6.3.2; https://vektor-smolensk.ru"
136.243.212.93 - - [22/Oct/2023:06:50:35 +0300] "GET /product-tag/%D0%BE%D0%B4%D0%B5%D0%B6%D0%B4%D0%B0-%D0%B4%D0%BB%D1%8F-%D1%81%D0%BF%D0%BE%D1%80%D1%82%D0%B0-%D0%BE%D1%82%D0%B4%D1%8B%D1%85%D0%B0-%D1%82%D1%83%D1%80%D0%B8%D0%B7%D0%BC%D0%B0/page/1/ HTTP/1.0" 301 431 "-" "serpstatbot/2.1 (advanced backlink tracking bot; https://serpstatbot.com/; abuse@serpstatbot.com)"
136.243.212.93 - - [22/Oct/2023:06:51:08 +0300] "GET /product-category/%D1%84%D0%B8%D1%82%D0%BD%D0%B5%D1%81-%D1%82%D0%B0%D0%BD%D1%86%D1%8B-%D1%85%D0%BE%D1%80%D0%B5%D0%BE%D0%B3%D1%80%D0%B0%D1%84%D0%B8%D1%8F-%D0%B3%D0%B8%D0%BC%D0%BD%D0%B0%D1%81%D1%82%D0%B8%D0%BA%D0%B0/%D1%84%D0%B8%D1%82%D0%BD%D0%B5%D1%81/page/1/ HTTP/1.0" 301 496 "-" "serpstatbot/2.1 (advanced backlink tracking bot; https://serpstatbot.com/; abuse@serpstatbot.com)"
91.203.178.194 - - [22/Oct/2023:06:51:10 +0300] "POST /wp-cron.php?doing_wp_cron=1697946670.2170279026031494140625 HTTP/1.0" 200 259 "-" "WordPress/6.3.2; https://vektor-smolensk.ru"
136.243.212.93 - - [22/Oct/2023:06:51:40 +0300] "GET /product-category/%D1%84%D0%B8%D1%82%D0%BD%D0%B5%D1%81-%D1%82%D0%B0%D0%BD%D1%86%D1%8B-%D1%85%D0%BE%D1%80%D0%B5%D0%BE%D0%B3%D1%80%D0%B0%D1%84%D0%B8%D1%8F-%D0%B3%D0%B8%D0%BC%D0%BD%D0%B0%D1%81%D1%82%D0%B8%D0%BA%D0%B0/%D0%B0%D0%BA%D1%81%D0%B5%D1%81%D1%81%D1%83%D0%B0%D1%80%D1%8B-%D0%B8-%D1%81%D0%BF%D0%BE%D1%80%D1%82%D0%B8%D0%BD%D0%B2%D0%B5%D0%BD%D1%82%D0%B0%D1%80%D1%8C/page/1/ HTTP/1.0" 301 612 "-" "serpstatbot/2.1 (advanced backlink tracking bot; https://serpstatbot.com/; abuse@serpstatbot.com)"
34.221.245.137 - - [22/Oct/2023:06:52:11 +0300] "GET / HTTP/1.1" 301 180 "-" "Mozilla/5.0 (Windows NT 10.0; Win64; x64)AppleWebKit/537.36 (KHTML, like Gecko) Chrome/66.0.3359.181 Safari/537.36"
91.203.178.194 - - [22/Oct/2023:06:52:14 +0300] "POST /wp-cron.php?doing_wp_cron=1697946734.2251238822937011718750 HTTP/1.0" 200 259 "-" "WordPress/6.3.2; https://vektor-smolensk.ru"
34.221.245.137 - - [22/Oct/2023:06:52:12 +0300] "GET / HTTP/1.0" 200 22557 "-" "Mozilla/5.0 (Windows NT 10.0; Win64; x64)AppleWebKit/537.36 (KHTML, like Gecko) Chrome/66.0.3359.181 Safari/537.36"
136.243.212.93 - - [22/Oct/2023:06:52:15 +0300] "GET /product-category/%D1%82%D0%B5%D1%80%D0%BC%D0%BE%D0%B1%D0%B5%D0%BB%D1%8C%D0%B5/page/1/ HTTP/1.0" 301 324 "-" "serpstatbot/2.1 (advanced backlink tracking bot; https://serpstatbot.com/; abuse@serpstatbot.com)"
34.221.245.137 - - [22/Oct/2023:06:52:17 +0300] "GET / HTTP/1.0" 200 22557 "-" "Mozilla/5.0 (Windows NT 10.0; Win64; x64)AppleWebKit/537.36 (KHTML, like Gecko) Chrome/66.0.3359.181 Safari/537.36"
2.135.64.10 - - [22/Oct/2023:06:52:33 +0300] "GET /wp-content/uploads/2022/03/49d07d2f2b048709fab28e0845347114.jpg HTTP/2.0" 200 145175 "https://www.google.com/" "Mozilla/5.0 (Linux; Android 12; SM-G973F Build/SP1A.210812.016; wv) AppleWebKit/537.36 (KHTML, like Gecko) Version/4.0 Chrome/117.0.0.0 Mobile Safari/537.36 GoogleApp/14.41.43.28.arm64"
47.99.71.141 - - [22/Oct/2023:06:52:32 +0300] "POST /wp-login.php HTTP/1.0" 200 3750 "-" "Mozilla/5.0 (Windows NT 6.3; Win64; x64) AppleWebKit/537.36 (KHTML, like Gecko) Chrome/65.0.3325.181 Safari/537.36"
52.167.144.233 - - [22/Oct/2023:06:52:41 +0300] "GET /wp-content/uploads/te.png HTTP/2.0" 200 1350 "-" "Mozilla/5.0 AppleWebKit/537.36 (KHTML, like Gecko; compatible; bingbot/2.0; +http://www.bing.com/bingbot.htm) Chrome/103.0.5060.134 Safari/537.36"
136.243.212.93 - - [22/Oct/2023:06:52:49 +0300] "GET /product-category/%D0%BC%D1%83%D0%B6%D1%81%D0%BA%D0%B0%D1%8F-%D0%BE%D0%B4%D0%B5%D0%B6%D0%B4%D0%B0/page/1/ HTTP/1.0" 301 343 "-" "serpstatbot/2.1 (advanced backlink tracking bot; https://serpstatbot.com/; abuse@serpstatbot.com)"
136.243.212.93 - - [22/Oct/2023:06:53:23 +0300] "GET /product-category/%D0%BC%D1%83%D0%B6%D1%81%D0%BA%D0%B0%D1%8F-%D0%BE%D0%B4%D0%B5%D0%B6%D0%B4%D0%B0/%D0%BC-%D0%BE%D0%B4%D0%B5%D0%B6%D0%B4%D0%B0/page/1/ HTTP/1.0" 301 387 "-" "serpstatbot/2.1 (advanced backlink tracking bot; https://serpstatbot.com/; abuse@serpstatbot.com)"
91.203.178.194 - - [22/Oct/2023:06:53:25 +0300] "POST /wp-cron.php?doing_wp_cron=1697946805.0067560672760009765625 HTTP/1.0" 200 259 "-" "WordPress/6.3.2; https://vektor-smolensk.ru"
136.243.212.93 - - [22/Oct/2023:06:53:55 +0300] "GET /product-category/%D0%B6%D0%B5%D0%BD%D1%81%D0%BA%D0%B0%D1%8F-%D0%BE%D0%B4%D0%B5%D0%B6%D0%B4%D0%B0/page/1/ HTTP/1.0" 301 343 "-" "serpstatbot/2.1 (advanced backlink tracking bot; https://serpstatbot.com/; abuse@serpstatbot.com)"
136.243.212.93 - - [22/Oct/2023:06:54:29 +0300] "GET /product-category/%D0%B6%D0%B5%D0%BD%D1%81%D0%BA%D0%B0%D1%8F-%D0%BE%D0%B4%D0%B5%D0%B6%D0%B4%D0%B0/%D0%B6-%D0%BE%D0%B4%D0%B5%D0%B6%D0%B4%D0%B0/page/1/ HTTP/1.0" 301 387 "-" "serpstatbot/2.1 (advanced backlink tracking bot; https://serpstatbot.com/; abuse@serpstatbot.com)"
91.203.178.194 - - [22/Oct/2023:06:54:30 +0300] "POST /wp-cron.php?doing_wp_cron=1697946870.7097110748291015625000 HTTP/1.0" 200 259 "-" "WordPress/6.3.2; https://vektor-smolensk.ru"
136.243.212.93 - - [22/Oct/2023:06:55:01 +0300] "GET /product/%D0%B1%D1%80%D0%B8%D0%B4%D0%B6%D0%B8-%D1%82%D0%B0%D0%B9%D1%81%D1%8B-%D1%82-27-%D0%B0%D1%80%D0%B3%D0%BE-%D1%8D%D0%BA%D1%81%D0%BA%D0%BB%D1%8E%D0%B7%D0%B8%D0%B2/shop-x/%D1%84%D0%B8%D1%82%D0%BD%D0%B5%D1%81,-%D1%82%D0%B0%D0%BD%D1%86%D1%8B,-%D1%85%D0%BE%D1%80%D0%B5%D0%BE%D0%B3%D1%80%D0%B0%D1%84%D0%B8%D1%8F,-%D0%B3%D0%B8%D0%BC%D0%BD%D0%B0%D1%81%D1%82%D0%B8%D0%BA%D0%B0/%D0%BE%D0%B4%D0%B5%D0%B6%D0%B4%D0%B0/item/184-%D0%BA%D1%83%D1%80%D1%82%D0%BA%D0%B0-%D0%B1%D1%80%D0%B5%D0%BD%D0%B4-%D0%B0%D1%80%D0%B3%D0%BE HTTP/1.0" 404 87048 "-" "serpstatbot/2.1 (advanced backlink tracking bot; https://serpstatbot.com/; abuse@serpstatbot.com)"
91.203.178.194 - - [22/Oct/2023:06:55:03 +0300] "POST /wp-cron.php?doing_wp_cron=1697946903.0627648830413818359375 HTTP/1.0" 200 259 "-" "WordPress/6.3.2; https://vektor-smolensk.ru"
144.91.113.229 - - [22/Oct/2023:06:55:09 +0300] "POST /xmlrpc.php HTTP/1.0" 200 553 "-" "Mozilla/5.0 (X11; Fedora; Linux x86_64; rv:94.0) Gecko/20100101 Firefox/95.0"
136.243.212.93 - - [22/Oct/2023:06:55:35 +0300] "GET /product-category/%D1%84%D0%B8%D0%B3%D1%83%D1%80%D0%BD%D0%BE%D0%B5-%D0%BA%D0%B0%D1%82%D0%B0%D0%BD%D0%B8%D0%B5/page/1/ HTTP/1.0" 301 355 "-" "serpstatbot/2.1 (advanced backlink tracking bot; https://serpstatbot.com/; abuse@serpstatbot.com)"
167.99.87.191 - - [22/Oct/2023:06:57:15 +0300] "POST /wp-login.php HTTP/1.0" 200 3751 "-" "Mozilla/5.0 (Windows NT 10.0; Win64; x64) AppleWebKit/537.36 (KHTML, like Gecko) Chrome/70.0.3538.67 Safari/537.36"
91.203.178.194 - - [22/Oct/2023:06:57:17 +0300] "POST /wp-cron.php?doing_wp_cron=1697947037.1836309432983398437500 HTTP/1.0" 200 259 "-" "WordPress/6.3.2; https://vektor-smolensk.ru"
136.243.212.93 - - [22/Oct/2023:06:57:45 +0300] "GET /product-category/%D1%84%D0%B8%D1%82%D0%BD%D0%B5%D1%81-%D1%82%D0%B0%D0%BD%D1%86%D1%8B-%D1%85%D0%BE%D1%80%D0%B5%D0%BE%D0%B3%D1%80%D0%B0%D1%84%D0%B8%D1%8F-%D0%B3%D0%B8%D0%BC%D0%BD%D0%B0%D1%81%D1%82%D0%B8%D0%BA%D0%B0/%D1%84%D0%B8%D1%82%D0%BD%D0%B5%D1%81-%D0%BE%D0%B4%D0%B5%D0%B6%D0%B4%D0%B0/page/1/ HTTP/1.0" 301 533 "-" "serpstatbot/2.1 (advanced backlink tracking bot; https://serpstatbot.com/; abuse@serpstatbot.com)"
91.203.178.194 - - [22/Oct/2023:06:57:46 +0300] "POST /wp-cron.php?doing_wp_cron=1697947066.9063310623168945312500 HTTP/1.0" 200 259 "-" "WordPress/6.3.2; https://vektor-smolensk.ru"
185.252.232.218 - - [22/Oct/2023:06:58:17 +0300] "GET /index.php HTTP/1.1" 301 180 "-" "Mozilla/5.0 (Windows NT 6.3; Win64; x64) AppleWebKit/537.36 (KHTML, like Gecko) Chrome/102.0.0.0 Safari/537.36"
167.172.66.189 - - [22/Oct/2023:07:02:36 +0300] "POST /wp-login.php HTTP/1.0" 200 3761 "-" "Mozilla/5.0 (Windows NT 10.0; Win64; x64) AppleWebKit/537.36 (KHTML, like Gecko) Chrome/60.0.3112.101 Safari/537.36"
91.203.178.194 - - [22/Oct/2023:07:02:37 +0300] "POST /wp-cron.php?doing_wp_cron=1697947357.7810289859771728515625 HTTP/1.0" 200 259 "-" "WordPress/6.3.2; https://vektor-smolensk.ru"
190.92.137.177 - - [22/Oct/2023:07:04:26 +0300] "POST /xmlrpc.php HTTP/1.0" 200 553 "-" "Mozilla/5.0 (X11; Fedora; Linux x86_64; rv:94.0) Gecko/20100101 Firefox/95.0"
91.203.178.194 - - [22/Oct/2023:07:04:28 +0300] "POST /wp-cron.php?doing_wp_cron=1697947468.1906259059906005859375 HTTP/1.0" 200 259 "-" "WordPress/6.3.2; https://vektor-smolensk.ru"
51.222.253.5 - - [22/Oct/2023:07:05:52 +0300] "GET /product/%D0%BA%D0%BE%D1%81%D1%82%D1%8E%D0%BC-%D1%81%D0%BF%D0%BE%D1%80%D1%82%D0%B8%D0%B2%D0%BD%D1%8B%D0%B9-lena-basko-%D0%BC%D0%BE%D0%B4-%D0%B0%D0%B9%D1%81%D0%B1%D0%B5%D1%80%D0%B3/ HTTP/1.0" 200 17839 "-" "Mozilla/5.0 (compatible; AhrefsBot/7.0; +http://ahrefs.com/robot/)"
91.203.178.194 - - [22/Oct/2023:07:05:53 +0300] "POST /wp-cron.php?doing_wp_cron=1697947553.5757069587707519531250 HTTP/1.0" 200 259 "-" "WordPress/6.3.2; https://vektor-smolensk.ru"
185.200.240.65 - - [22/Oct/2023:07:06:08 +0300] "GET /wp-content/plugins/royal-elementor-addons/assets/css/lib/animations/text-animations.min.css HTTP/1.1" 301 180 "-" "Mozilla/5.0 (iPhone; CPU iPhone OS 13_6 like Mac OS X) AppleWebKit/605.1.15 (KHTML, like Gecko) Version/13.1.2 Mobile/15E148 Safari/604.1"
185.200.240.65 - - [22/Oct/2023:07:06:10 +0300] "GET /wp-content/plugins/royal-elementor-addons/assets/css/lib/animations/text-animations.min.css HTTP/1.0" 404 86630 "-" "Mozilla/5.0 (iPhone; CPU iPhone OS 13_6 like Mac OS X) AppleWebKit/605.1.15 (KHTML, like Gecko) Version/13.1.2 Mobile/15E148 Safari/604.1"
91.203.178.194 - - [22/Oct/2023:07:06:12 +0300] "POST /wp-cron.php?doing_wp_cron=1697947572.2609610557556152343750 HTTP/1.0" 200 259 "-" "WordPress/6.3.2; https://vektor-smolensk.ru"
143.198.131.181 - - [22/Oct/2023:07:09:36 +0300] "POST /wp-login.php HTTP/1.0" 200 3755 "-" "Mozilla/5.0 (Windows NT 6.1; Win64; x64) AppleWebKit/537.36 (KHTML, like Gecko) Chrome/66.0.3359.117 Safari/537.36"
91.203.178.194 - - [22/Oct/2023:07:09:37 +0300] "POST /wp-cron.php?doing_wp_cron=1697947777.7051410675048828125000 HTTP/1.0" 200 259 "-" "WordPress/6.3.2; https://vektor-smolensk.ru"
198.177.125.152 - - [22/Oct/2023:07:13:02 +0300] "POST /xmlrpc.php HTTP/1.0" 200 555 "-" "Mozilla/5.0 (X11; Fedora; Linux x86_64; rv:94.0) Gecko/20100101 Firefox/95.0"
91.203.178.194 - - [22/Oct/2023:07:13:04 +0300] "POST /wp-cron.php?doing_wp_cron=1697947984.7103910446166992187500 HTTP/1.0" 200 259 "-" "WordPress/6.3.2; https://vektor-smolensk.ru"
39.101.185.186 - - [22/Oct/2023:07:14:31 +0300] "POST /wp-login.php HTTP/1.0" 200 3754 "-" "Mozilla/5.0 (Windows NT 10.0; Win64; x64) AppleWebKit/537.36 (KHTML, like Gecko) Chrome/54.0.2840.99 Safari/537.36"
91.203.178.194 - - [22/Oct/2023:07:14:33 +0300] "POST /wp-cron.php?doing_wp_cron=1697948073.2262330055236816406250 HTTP/1.0" 200 259 "-" "WordPress/6.3.2; https://vektor-smolensk.ru"
34.82.224.175 - - [22/Oct/2023:07:15:38 +0300] "GET /index.php HTTP/1.0" 301 169 "http://vektor-smolensk.ru/" "Mozilla/5.0 (Macintosh; Intel Mac OS X 12.5; rv:114.0) Gecko/20100101 Firefox/114.0"
34.82.224.175 - - [22/Oct/2023:07:15:39 +0300] "GET /index.php HTTP/1.0" 301 169 "http://vektor-smolensk.ru/index.php" "Mozilla/5.0 (Macintosh; Intel Mac OS X 12.5; rv:114.0) Gecko/20100101 Firefox/114.0"
35.187.58.136 - - [22/Oct/2023:07:23:34 +0300] "POST /wp-login.php HTTP/1.0" 200 3755 "-" "Mozilla/5.0 (Windows NT 6.3; Win64; x64) AppleWebKit/537.36 (KHTML, like Gecko) Chrome/68.0.3440.106 Safari/537.36"
91.203.178.194 - - [22/Oct/2023:07:23:35 +0300] "POST /wp-cron.php?doing_wp_cron=1697948615.6938550472259521484375 HTTP/1.0" 200 259 "-" "WordPress/6.3.2; https://vektor-smolensk.ru"
136.243.212.93 - - [22/Oct/2023:07:28:21 +0300] "GET /product-category/%D0%B6%D0%B5%D0%BD%D1%81%D0%BA%D0%B0%D1%8F-%D0%BE%D0%B4%D0%B5%D0%B6%D0%B4%D0%B0/ HTTP/1.0" 200 17209 "-" "serpstatbot/2.1 (advanced backlink tracking bot; https://serpstatbot.com/; abuse@serpstatbot.com)"
91.203.178.194 - - [22/Oct/2023:07:28:23 +0300] "POST /wp-cron.php?doing_wp_cron=1697948903.4891541004180908203125 HTTP/1.0" 200 259 "-" "WordPress/6.3.2; https://vektor-smolensk.ru"
136.243.212.93 - - [22/Oct/2023:07:29:41 +0300] "GET /product-tag/%D1%81%D1%83%D1%88%D0%B8%D0%BB%D0%BA%D0%B8-%D0%BD%D0%B0-%D0%BB%D0%B5%D0%B7%D0%B2%D0%B8%D1%8F/ HTTP/1.0" 200 13455 "-" "serpstatbot/2.1 (advanced backlink tracking bot; https://serpstatbot.com/; abuse@serpstatbot.com)"
91.203.178.194 - - [22/Oct/2023:07:29:43 +0300] "POST /wp-cron.php?doing_wp_cron=1697948983.3057548999786376953125 HTTP/1.0" 200 259 "-" "WordPress/6.3.2; https://vektor-smolensk.ru"
136.243.212.93 - - [22/Oct/2023:07:30:23 +0300] "GET /product-tag/%D0%B7%D0%B0%D1%89%D0%B8%D1%82%D0%B0%D0%B0-%D0%B4%D0%BB%D1%8F-%D1%81%D1%82%D0%BE%D0%BF%D1%8B-solo/ HTTP/1.0" 200 13983 "-" "serpstatbot/2.1 (advanced backlink tracking bot; https://serpstatbot.com/; abuse@serpstatbot.com)"
91.203.178.194 - - [22/Oct/2023:07:30:25 +0300] "POST /wp-cron.php?doing_wp_cron=1697949025.5151069164276123046875 HTTP/1.0" 200 259 "-" "WordPress/6.3.2; https://vektor-smolensk.ru"
136.243.212.93 - - [22/Oct/2023:07:31:03 +0300] "GET /product-tag/%D0%B7%D0%B0%D1%89%D0%B8%D1%82%D0%B0-%D1%81%D1%82%D0%BE%D0%BF%D1%8B-%D1%81%D0%BE%D0%BB%D0%BE/ HTTP/1.0" 200 13485 "-" "serpstatbot/2.1 (advanced backlink tracking bot; https://serpstatbot.com/; abuse@serpstatbot.com)"
91.203.178.194 - - [22/Oct/2023:07:31:05 +0300] "POST /wp-cron.php?doing_wp_cron=1697949065.1248810291290283203125 HTTP/1.0" 200 259 "-" "WordPress/6.3.2; https://vektor-smolensk.ru"
136.243.212.93 - - [22/Oct/2023:07:31:42 +0300] "GET /product-tag/%D0%B7%D0%B0%D1%89%D0%B8%D1%82%D0%B0-%D1%81%D1%82%D0%BE%D0%BF%D1%8B/ HTTP/1.0" 200 13621 "-" "serpstatbot/2.1 (advanced backlink tracking bot; https://serpstatbot.com/; abuse@serpstatbot.com)"
136.243.212.93 - - [22/Oct/2023:07:32:19 +0300] "GET /product-tag/%D0%BA%D0%BE%D0%B2%D1%80%D0%B8%D0%BA-%D0%B3%D0%B8%D0%BC%D0%BD%D0%B0%D1%81%D1%82%D0%B8%D0%BA%D0%B0-%D0%BA%D1%83%D0%BF%D0%B8%D1%82%D1%8C/ HTTP/1.0" 200 13483 "-" "serpstatbot/2.1 (advanced backlink tracking bot; https://serpstatbot.com/; abuse@serpstatbot.com)"
91.203.178.194 - - [22/Oct/2023:07:32:20 +0300] "POST /wp-cron.php?doing_wp_cron=1697949140.8007199764251708984375 HTTP/1.0" 200 259 "-" "WordPress/6.3.2; https://vektor-smolensk.ru"
136.243.212.93 - - [22/Oct/2023:07:32:57 +0300] "GET /product-tag/%D0%BA%D0%BE%D0%B2%D1%80%D0%B8%D0%BA-%D0%B4%D0%B5%D1%82%D1%81%D0%BA%D0%B8%D0%B9-%D0%BA%D1%83%D0%BF%D0%B8%D1%82%D1%8C-%D1%81%D0%BC%D0%BE%D0%BB%D0%B5%D0%BD%D1%81%D0%BA/ HTTP/1.0" 200 13525 "-" "serpstatbot/2.1 (advanced backlink tracking bot; https://serpstatbot.com/; abuse@serpstatbot.com)"
213.180.203.216 - - [22/Oct/2023:07:32:59 +0300] "GET /product/%D0%BD%D0%BE%D1%81%D0%BA%D0%B8-%D1%81%D0%BF%D0%BE%D1%80%D1%82%D0%B8%D0%B2%D0%BD%D1%8B%D0%B5-%D0%B0%D1%80%D1%82-%D1%81%D0%BD-01/?add-to-cart=1956 HTTP/1.0" 200 19424 "-" "Mozilla/5.0 (compatible; YandexBot/3.0; +http://yandex.com/bots)"
91.203.178.194 - - [22/Oct/2023:07:33:01 +0300] "POST /wp-cron.php?doing_wp_cron=1697949180.9769480228424072265625 HTTP/1.0" 200 259 "-" "WordPress/6.3.2; https://vektor-smolensk.ru"
136.243.212.93 - - [22/Oct/2023:07:33:35 +0300] "GET /product-tag/%D0%BA%D0%BE%D0%BB%D0%B3%D0%BE%D1%82%D0%BA%D0%B8-%D0%B4%D0%BB%D1%8F-%D0%B2%D1%8B%D1%81%D1%82%D1%83%D0%BF%D0%BB%D0%B5%D0%BD%D0%B8%D0%B9/ HTTP/1.0" 200 13985 "-" "serpstatbot/2.1 (advanced backlink tracking bot; https://serpstatbot.com/; abuse@serpstatbot.com)"
136.243.212.93 - - [22/Oct/2023:07:34:12 +0300] "GET /product-tag/%D0%BA%D0%BE%D0%BB%D0%B3%D0%BE%D1%82%D0%BA%D0%B8-%D0%B4%D0%BB%D1%8F-%D1%82%D0%B0%D0%BD%D1%86%D0%B5%D0%B2-%D0%BA%D1%83%D0%BF%D0%B8%D1%82%D1%8C-%D1%81%D0%BC%D0%BE%D0%BB%D0%B5%D0%BD%D1%81%D0%BA/ HTTP/1.0" 200 13617 "-" "serpstatbot/2.1 (advanced backlink tracking bot; https://serpstatbot.com/; abuse@serpstatbot.com)"
91.203.178.194 - - [22/Oct/2023:07:34:14 +0300] "POST /wp-cron.php?doing_wp_cron=1697949254.2453670501708984375000 HTTP/1.0" 200 259 "-" "WordPress/6.3.2; https://vektor-smolensk.ru"
136.243.212.93 - - [22/Oct/2023:07:34:48 +0300] "GET /product-tag/%D0%BA%D0%BE%D0%BB%D0%B3%D0%BE%D1%82%D0%BA%D0%B8-40den-%D0%BA%D1%83%D0%BF%D0%B8%D1%82%D1%8C/ HTTP/1.0" 200 13704 "-" "serpstatbot/2.1 (advanced backlink tracking bot; https://serpstatbot.com/; abuse@serpstatbot.com)"
136.243.212.93 - - [22/Oct/2023:07:35:23 +0300] "GET /product-tag/%D0%B1%D1%80%D1%8E%D0%BA%D0%B8-%D0%BC%D1%83%D0%B6%D1%81%D0%BA%D0%B8%D0%B5/ HTTP/1.0" 200 13716 "-" "serpstatbot/2.1 (advanced backlink tracking bot; https://serpstatbot.com/; abuse@serpstatbot.com)"
91.203.178.194 - - [22/Oct/2023:07:35:25 +0300] "POST /wp-cron.php?doing_wp_cron=1697949325.2381179332733154296875 HTTP/1.0" 200 259 "-" "WordPress/6.3.2; https://vektor-smolensk.ru"
136.243.212.93 - - [22/Oct/2023:07:35:58 +0300] "GET /product-tag/%D0%BA%D0%BE%D1%80%D1%80%D0%B8/ HTTP/1.0" 200 13391 "-" "serpstatbot/2.1 (advanced backlink tracking bot; https://serpstatbot.com/; abuse@serpstatbot.com)"
91.203.178.194 - - [22/Oct/2023:07:36:00 +0300] "POST /wp-cron.php?doing_wp_cron=1697949360.3082609176635742187500 HTTP/1.0" 200 259 "-" "WordPress/6.3.2; https://vektor-smolensk.ru"
136.243.212.93 - - [22/Oct/2023:07:36:33 +0300] "GET /product-tag/%D0%BA%D0%BE%D1%81%D1%82%D1%8E%D0%BC%D1%81%D0%BF%D0%BE%D1%80%D1%82%D0%B8%D0%B2%D0%BD%D1%8B%D0%B9/ HTTP/1.0" 200 13738 "-" "serpstatbot/2.1 (advanced backlink tracking bot; https://serpstatbot.com/; abuse@serpstatbot.com)"
8.131.70.17 - - [22/Oct/2023:07:36:38 +0300] "POST /xmlrpc.php HTTP/1.0" 200 553 "-" "Mozilla/5.0 (X11; Fedora; Linux x86_64; rv:94.0) Gecko/20100101 Firefox/95.0"
136.243.212.93 - - [22/Oct/2023:07:37:08 +0300] "GET /product-tag/%D0%BA%D0%BE%D1%81%D1%82%D1%8E%D0%BC-%D0%B3%D0%BE%D1%80%D0%BD%D0%BE%D0%BB%D1%8B%D0%B6%D0%BD%D1%8B%D0%B9/ HTTP/1.0" 200 13559 "-" "serpstatbot/2.1 (advanced backlink tracking bot; https://serpstatbot.com/; abuse@serpstatbot.com)"
91.203.178.194 - - [22/Oct/2023:07:37:10 +0300] "POST /wp-cron.php?doing_wp_cron=1697949430.2588698863983154296875 HTTP/1.0" 200 259 "-" "WordPress/6.3.2; https://vektor-smolensk.ru"
136.243.212.93 - - [22/Oct/2023:07:37:43 +0300] "GET /product-tag/%D0%BA%D0%BE%D1%81%D1%82%D1%8E%D0%BC-%D0%B4%D0%B5%D0%B2%D0%BE%D1%87%D0%BA%D0%B5-%D1%84%D0%B8%D0%B3%D1%83%D1%80%D0%BD%D0%BE%D0%B5-%D0%BA%D0%B0%D1%82%D0%B0%D0%BD%D0%B8%D0%B5-%D1%81%D0%BC%D0%BE%D0%BB/ HTTP/1.0" 200 13862 "-" "serpstatbot/2.1 (advanced backlink tracking bot; https://serpstatbot.com/; abuse@serpstatbot.com)"
136.243.212.93 - - [22/Oct/2023:07:38:17 +0300] "GET /product-tag/%D0%BA%D0%BE%D1%81%D1%82%D1%8E%D0%BC-%D0%B4%D0%B5%D1%82%D1%81%D0%BA%D0%B8%D0%B9-%D0%B2%D0%BE%D1%81%D1%82%D0%BE%D1%87%D0%BD%D1%8B%D0%B9/ HTTP/1.0" 200 13493 "-" "serpstatbot/2.1 (advanced backlink tracking bot; https://serpstatbot.com/; abuse@serpstatbot.com)"
91.203.178.194 - - [22/Oct/2023:07:38:19 +0300] "POST /wp-cron.php?doing_wp_cron=1697949499.2010359764099121093750 HTTP/1.0" 200 259 "-" "WordPress/6.3.2; https://vektor-smolensk.ru"
136.243.212.93 - - [22/Oct/2023:07:38:52 +0300] "GET /product-tag/%D0%BA%D0%BE%D1%81%D1%82%D1%8E%D0%BC-%D1%81%D0%BF%D0%BE%D1%80%D1%82%D0%B8%D0%B2%D0%BD%D1%8B%D0%B9-%D0%BA%D1%83%D0%BF%D0%B8%D1%82%D1%8C/ HTTP/1.0" 200 13918 "-" "serpstatbot/2.1 (advanced backlink tracking bot; https://serpstatbot.com/; abuse@serpstatbot.com)"
136.243.212.93 - - [22/Oct/2023:07:39:27 +0300] "GET /product-tag/%D0%BA%D1%83%D0%BF%D0%B8%D1%82%D1%8C-%D0%BA%D0%BE%D0%BB%D0%B3%D0%BE%D1%82%D0%BA%D0%B8-%D0%B4%D0%BB%D1%8F-%D1%84%D0%B8%D0%B3%D1%83%D1%80%D0%BD%D0%BE%D0%B3%D0%BE-%D0%BA%D0%B0%D1%82%D0%B0%D0%BD%D0%B8-2/ HTTP/1.0" 200 13589 "-" "serpstatbot/2.1 (advanced backlink tracking bot; https://serpstatbot.com/; abuse@serpstatbot.com)"
91.203.178.194 - - [22/Oct/2023:07:39:28 +0300] "POST /wp-cron.php?doing_wp_cron=1697949568.7598938941955566406250 HTTP/1.0" 200 259 "-" "WordPress/6.3.2; https://vektor-smolensk.ru"
213.152.187.205 - - [22/Oct/2023:07:39:58 +0300] "POST /xmlrpc.php HTTP/1.0" 200 682 "-" "Mozilla/5.0 (Windows NT 10.0; Win64; x64) AppleWebKit/537.36 (KHTML, like Gecko) Chrome/100.0.4896.127 Safari/537.36"
136.243.212.93 - - [22/Oct/2023:07:40:01 +0300] "GET /product-tag/%D0%BA%D1%83%D0%BF%D0%B8%D1%82%D1%8C-%D0%BB%D0%BE%D1%81%D0%B8%D0%BD%D1%8B-%D1%81%D0%BC%D0%BE%D0%BB%D0%B5%D0%BD%D1%81%D0%BA/ HTTP/1.0" 200 13773 "-" "serpstatbot/2.1 (advanced backlink tracking bot; https://serpstatbot.com/; abuse@serpstatbot.com)"
91.203.178.194 - - [22/Oct/2023:07:40:03 +0300] "POST /wp-cron.php?doing_wp_cron=1697949602.9761939048767089843750 HTTP/1.0" 200 259 "-" "WordPress/6.3.2; https://vektor-smolensk.ru"
136.243.212.93 - - [22/Oct/2023:07:40:35 +0300] "GET /product-tag/%D0%BA%D1%83%D0%BF%D0%B8%D1%82%D1%8C-%D1%81%D0%BF%D0%BE%D1%80%D1%82%D0%B8%D0%B2%D0%BD%D1%8B%D0%B5-%D0%BD%D0%BE%D1%81%D0%BA%D0%B8/ HTTP/1.0" 200 13418 "-" "serpstatbot/2.1 (advanced backlink tracking bot; https://serpstatbot.com/; abuse@serpstatbot.com)"
136.243.212.93 - - [22/Oct/2023:07:41:11 +0300] "GET /product-tag/%D0%BA%D1%83%D0%BF%D0%B8%D1%82%D1%8C-%D1%83%D1%82%D1%8F%D0%B6%D0%B5%D0%BB%D0%B8%D1%82%D0%B5%D0%BB%D0%B8-%D1%81%D0%BC%D0%BE%D0%BB%D0%B5%D0%BD%D1%81%D0%BA/ HTTP/1.0" 200 13522 "-" "serpstatbot/2.1 (advanced backlink tracking bot; https://serpstatbot.com/; abuse@serpstatbot.com)"
91.203.178.194 - - [22/Oct/2023:07:41:12 +0300] "POST /wp-cron.php?doing_wp_cron=1697949672.7059340476989746093750 HTTP/1.0" 200 259 "-" "WordPress/6.3.2; https://vektor-smolensk.ru"
136.243.212.93 - - [22/Oct/2023:07:41:45 +0300] "GET /product-tag/%D0%BA%D1%83%D1%80%D1%82%D0%BA%D0%B0-%D0%BC%D0%B5%D0%BC%D0%B1%D1%80%D0%B0%D0%BD%D0%BD%D0%B0%D1%8F-%D0%BA%D1%83%D0%BF%D0%B8%D1%82%D1%8C/ HTTP/1.0" 200 13552 "-" "serpstatbot/2.1 (advanced backlink tracking bot; https://serpstatbot.com/; abuse@serpstatbot.com)"
136.243.212.93 - - [22/Oct/2023:07:42:19 +0300] "GET /product-tag/%D0%BA%D1%83%D1%80%D1%82%D0%BA%D0%B0-%D0%BC%D1%83%D0%B6%D1%81%D0%BA%D0%B0%D1%8F/ HTTP/1.0" 200 15953 "-" "serpstatbot/2.1 (advanced backlink tracking bot; https://serpstatbot.com/; abuse@serpstatbot.com)"
91.203.178.194 - - [22/Oct/2023:07:42:20 +0300] "POST /wp-cron.php?doing_wp_cron=1697949740.5955629348754882812500 HTTP/1.0" 200 259 "-" "WordPress/6.3.2; https://vektor-smolensk.ru"
136.243.212.93 - - [22/Oct/2023:07:42:53 +0300] "GET /product-tag/%D0%BA%D1%83%D1%80%D1%82%D0%BA%D0%B0-five-seasons/ HTTP/1.0" 200 14945 "-" "serpstatbot/2.1 (advanced backlink tracking bot; https://serpstatbot.com/; abuse@serpstatbot.com)"
136.243.212.93 - - [22/Oct/2023:07:43:28 +0300] "GET /product-tag/%D0%BB%D0%B5%D0%BD%D1%82%D1%8B-%D0%B4%D0%BB%D1%8F-%D0%BF%D1%83%D0%B0%D0%BD%D1%82-grishko/ HTTP/1.0" 200 14960 "-" "serpstatbot/2.1 (advanced backlink tracking bot; https://serpstatbot.com/; abuse@serpstatbot.com)"
91.203.178.194 - - [22/Oct/2023:07:43:29 +0300] "POST /wp-cron.php?doing_wp_cron=1697949809.7630150318145751953125 HTTP/1.0" 200 259 "-" "WordPress/6.3.2; https://vektor-smolensk.ru"
136.243.212.93 - - [22/Oct/2023:07:44:02 +0300] "GET /product-tag/%D0%BC%D0%B0%D0%BD%D0%B8%D1%81%D1%82%D0%BE%D0%BA%D0%BE%D1%81%D1%82%D1%8E%D0%BC/ HTTP/1.0" 200 13429 "-" "serpstatbot/2.1 (advanced backlink tracking bot; https://serpstatbot.com/; abuse@serpstatbot.com)"
91.203.178.194 - - [22/Oct/2023:07:44:03 +0300] "POST /wp-cron.php?doing_wp_cron=1697949843.7800691127777099609375 HTTP/1.0" 200 259 "-" "WordPress/6.3.2; https://vektor-smolensk.ru"
136.243.212.93 - - [22/Oct/2023:07:44:37 +0300] "GET /product-tag/%D0%BE%D0%B4%D0%B5%D0%B6%D0%B4%D0%B0-%D0%B4%D0%BB%D1%8F-%D0%B9%D0%BE%D0%B3%D0%B8/ HTTP/1.0" 200 16805 "-" "serpstatbot/2.1 (advanced backlink tracking bot; https://serpstatbot.com/; abuse@serpstatbot.com)"
136.243.212.93 - - [22/Oct/2023:07:45:11 +0300] "GET /product-tag/%D0%BE%D0%B4%D0%B5%D0%B6%D0%B4%D0%B0-%D0%B4%D0%BB%D1%8F-%D1%84%D0%B8%D1%82%D0%BD%D0%B5%D1%81%D0%B0-argo-%D1%81%D0%BC%D0%BE%D0%BB%D0%B5%D0%BD%D1%81%D0%BA/ HTTP/1.0" 200 14713 "-" "serpstatbot/2.1 (advanced backlink tracking bot; https://serpstatbot.com/; abuse@serpstatbot.com)"
91.203.178.194 - - [22/Oct/2023:07:45:13 +0300] "POST /wp-cron.php?doing_wp_cron=1697949913.2074038982391357421875 HTTP/1.0" 200 259 "-" "WordPress/6.3.2; https://vektor-smolensk.ru"
136.243.212.93 - - [22/Oct/2023:07:45:45 +0300] "GET /product-tag/%D0%BE%D0%B4%D0%B5%D0%B6%D0%B4%D0%B0/ HTTP/1.0" 200 14526 "-" "serpstatbot/2.1 (advanced backlink tracking bot; https://serpstatbot.com/; abuse@serpstatbot.com)"
136.243.212.93 - - [22/Oct/2023:07:46:20 +0300] "GET /product-tag/%D0%BF%D0%BE%D0%BB%D1%83%D0%BF%D0%B0%D0%BB%D1%8C%D1%86%D1%8B-solo/ HTTP/1.0" 200 13455 "-" "serpstatbot/2.1 (advanced backlink tracking bot; https://serpstatbot.com/; abuse@serpstatbot.com)"
91.203.178.194 - - [22/Oct/2023:07:46:22 +0300] "POST /wp-cron.php?doing_wp_cron=1697949982.5343790054321289062500 HTTP/1.0" 200 259 "-" "WordPress/6.3.2; https://vektor-smolensk.ru"
136.243.212.93 - - [22/Oct/2023:07:46:54 +0300] "GET /product-tag/%D0%BF%D1%83%D1%85%D0%BE%D0%B2%D0%B8%D0%BA/ HTTP/1.0" 200 14510 "-" "serpstatbot/2.1 (advanced backlink tracking bot; https://serpstatbot.com/; abuse@serpstatbot.com)"
136.243.212.93 - - [22/Oct/2023:07:47:28 +0300] "GET /wp-content/uploads/2022/04/MarkAndre-1905-%D1%86%D0%B2%D0%B5%D1%82%D1%8B.webp HTTP/1.0" 200 6239 "-" "serpstatbot/2.1 (advanced backlink tracking bot; https://serpstatbot.com/; abuse@serpstatbot.com)"
136.243.212.93 - - [22/Oct/2023:07:48:02 +0300] "GET /product/%D0%B1%D1%80%D0%B8%D0%B4%D0%B6%D0%B8-%D1%82%D0%B0%D0%B9%D1%81%D1%8B-%D1%82-27-%D0%B0%D1%80%D0%B3%D0%BE-%D1%8D%D0%BA%D1%81%D0%BA%D0%BB%D1%8E%D0%B7%D0%B8%D0%B2/shop-x/%D1%84%D0%B8%D1%82%D0%BD%D0%B5%D1%81,-%D1%82%D0%B0%D0%BD%D1%86%D1%8B,-%D1%85%D0%BE%D1%80%D0%B5%D0%BE%D0%B3%D1%80%D0%B0%D1%84%D0%B8%D1%8F,-%D0%B3%D0%B8%D0%BC%D0%BD%D0%B0%D1%81%D1%82%D0%B8%D0%BA%D0%B0/%D0%BE%D0%B4%D0%B5%D0%B6%D0%B4%D0%B0/item/184-%D0%BA%D1%83%D1%80%D1%82%D0%BA%D0%B0-%D0%B1%D1%80%D0%B5%D0%BD%D0%B4-%D0%B0%D1%80%D0%B3%D0%BE HTTP/1.0" 404 87048 "-" "serpstatbot/2.1 (advanced backlink tracking bot; https://serpstatbot.com/; abuse@serpstatbot.com)"
91.203.178.194 - - [22/Oct/2023:07:48:03 +0300] "POST /wp-cron.php?doing_wp_cron=1697950083.6771650314331054687500 HTTP/1.0" 200 259 "-" "WordPress/6.3.2; https://vektor-smolensk.ru"
136.243.212.93 - - [22/Oct/2023:07:48:36 +0300] "GET /product/%D0%BA%D1%83%D0%BF%D0%B0%D0%BB%D1%8C%D0%BD%D0%B8%D0%BA-%D0%B3%D0%B8%D0%BC%D0%BD%D0%B0%D1%81%D1%82%D0%B8%D1%87%D0%B5%D1%81%D0%BA%D0%B8%D0%B9-%D1%81-%D1%8E%D0%B1%D0%BA%D0%BE%D0%B9-%D0%B0%D1%80%D1%82-7-4/component/k2/item/113-%D0%B1%D1%80%D0%B5%D0%BD%D0%B4-%D1%87%D0%B5%D1%80%D1%81%D0%B0 HTTP/1.0" 404 86829 "-" "serpstatbot/2.1 (advanced backlink tracking bot; https://serpstatbot.com/; abuse@serpstatbot.com)"
136.243.212.93 - - [22/Oct/2023:07:49:09 +0300] "GET /product/%D0%BA%D1%83%D1%80%D1%82%D0%BA%D0%B0-%D0%B1%D1%80%D0%B5%D0%BD%D0%B4-trespass-2/ HTTP/1.0" 200 17472 "-" "serpstatbot/2.1 (advanced backlink tracking bot; https://serpstatbot.com/; abuse@serpstatbot.com)"
91.203.178.194 - - [22/Oct/2023:07:49:11 +0300] "POST /wp-cron.php?doing_wp_cron=1697950151.5163419246673583984375 HTTP/1.0" 200 259 "-" "WordPress/6.3.2; https://vektor-smolensk.ru"
136.243.212.93 - - [22/Oct/2023:07:49:44 +0300] "GET /product/%D0%BB%D0%BE%D1%81%D0%B8%D0%BD%D1%8B-%D0%B0%D1%80%D0%B3%D0%BE-%D1%8D%D0%BA%D1%81%D0%BA%D0%BB%D1%8E%D0%B7%D0%B8%D0%B2-l-06/shop-x/%D1%84%D0%B8%D1%82%D0%BD%D0%B5%D1%81,-%D1%82%D0%B0%D0%BD%D1%86%D1%8B,-%D1%85%D0%BE%D1%80%D0%B5%D0%BE%D0%B3%D1%80%D0%B0%D1%84%D0%B8%D1%8F,-%D0%B3%D0%B8%D0%BC%D0%BD%D0%B0%D1%81%D1%82%D0%B8%D0%BA%D0%B0/%D0%BE%D0%B4%D0%B5%D0%B6%D0%B4%D0%B0/item/163-%D0%BB%D0%BE%D1%81%D0%B8%D0%BD%D1%8B-%D0%B6%D0%B5%D0%BD%D1%81%D0%BA%D0%B8%D0%B5 HTTP/1.0" 404 86999 "-" "serpstatbot/2.1 (advanced backlink tracking bot; https://serpstatbot.com/; abuse@serpstatbot.com)"
136.243.212.93 - - [22/Oct/2023:07:50:18 +0300] "GET /wp-content/uploads/2022/04/6224095747.webp HTTP/1.0" 200 6269 "-" "serpstatbot/2.1 (advanced backlink tracking bot; https://serpstatbot.com/; abuse@serpstatbot.com)"
136.243.212.93 - - [22/Oct/2023:07:50:51 +0300] "GET /wp-content/uploads/2022/04/6224095829.webp HTTP/1.0" 200 9813 "-" "serpstatbot/2.1 (advanced backlink tracking bot; https://serpstatbot.com/; abuse@serpstatbot.com)"
27.111.82.74 - - [22/Oct/2023:07:50:50 +0300] "POST /xmlrpc.php HTTP/1.0" 200 555 "-" "Mozilla/5.0 (X11; Fedora; Linux x86_64; rv:94.0) Gecko/20100101 Firefox/95.0"
91.203.178.194 - - [22/Oct/2023:07:50:52 +0300] "POST /wp-cron.php?doing_wp_cron=1697950252.2926969528198242187500 HTTP/1.0" 200 259 "-" "WordPress/6.3.2; https://vektor-smolensk.ru"
136.243.212.93 - - [22/Oct/2023:07:51:23 +0300] "GET /wp-content/uploads/2022/04/6224095845.webp HTTP/1.0" 200 12842 "-" "serpstatbot/2.1 (advanced backlink tracking bot; https://serpstatbot.com/; abuse@serpstatbot.com)"
136.243.212.93 - - [22/Oct/2023:07:51:54 +0300] "GET /product-tag/%D0%BA%D0%BE%D0%BB%D0%B3%D0%BE%D1%82%D0%BA%D0%B8-prostyle/ HTTP/1.0" 200 13915 "-" "serpstatbot/2.1 (advanced backlink tracking bot; https://serpstatbot.com/; abuse@serpstatbot.com)"
91.203.178.194 - - [22/Oct/2023:07:51:56 +0300] "POST /wp-cron.php?doing_wp_cron=1697950316.5605840682983398437500 HTTP/1.0" 200 259 "-" "WordPress/6.3.2; https://vektor-smolensk.ru"
146.190.217.185 - - [22/Oct/2023:07:54:59 +0300] "POST /wp-login.php HTTP/1.0" 200 3754 "-" "Mozilla/5.0 (Windows NT 6.1; Win64; x64) AppleWebKit/537.36 (KHTML, like Gecko) Chrome/67.0.3396.87 Safari/537.36"
91.203.178.194 - - [22/Oct/2023:07:55:01 +0300] "POST /wp-cron.php?doing_wp_cron=1697950501.0519208908081054687500 HTTP/1.0" 200 259 "-" "WordPress/6.3.2; https://vektor-smolensk.ru"
65.21.232.254 - - [22/Oct/2023:07:55:16 +0300] "GET /robots.txt HTTP/1.1" 301 180 "-" "Mozilla/5.0 (compatible; MJ12bot/v1.4.8; http://mj12bot.com/)"
65.21.232.254 - - [22/Oct/2023:07:55:16 +0300] "GET /robots.txt HTTP/1.0" 301 256 "-" "Mozilla/5.0 (compatible; MJ12bot/v1.4.8; http://mj12bot.com/)"
65.21.232.254 - - [22/Oct/2023:07:55:19 +0300] "GET /robots.txt HTTP/1.0" 200 361 "-" "Mozilla/5.0 (compatible; MJ12bot/v1.4.8; http://mj12bot.com/)"
65.21.232.254 - - [22/Oct/2023:07:55:22 +0300] "GET /vec/shop-x/%D0%BF%D0%BB%D0%B0%D0%B2%D0%B0%D0%BD%D0%B8%D0%B5/%D0%BA%D1%83%D0%BF%D0%B0%D0%BB%D1%8C%D0%BD%D0%B8%D0%BA%D0%B8/itemlist/tag/%D1%82%D0%B5%D1%80%D0%BC%D0%BE%D0%B1%D0%B5%D0%BB%D1%8C%D1%91%20%D0%B6%D0%B5%D0%BD%D1%81%D0%BA%D0%BE%D0%B5 HTTP/1.1" 301 180 "-" "Mozilla/5.0 (compatible; MJ12bot/v1.4.8; http://mj12bot.com/)"
65.21.232.254 - - [22/Oct/2023:07:55:24 +0300] "GET /vec/shop-x/%D0%BF%D0%BB%D0%B0%D0%B2%D0%B0%D0%BD%D0%B8%D0%B5/%D0%BA%D1%83%D0%BF%D0%B0%D0%BB%D1%8C%D0%BD%D0%B8%D0%BA%D0%B8/itemlist/tag/%D1%82%D0%B5%D1%80%D0%BC%D0%BE%D0%B1%D0%B5%D0%BB%D1%8C%D1%91%20%D0%B6%D0%B5%D0%BD%D1%81%D0%BA%D0%BE%D0%B5 HTTP/1.0" 301 578 "-" "Mozilla/5.0 (compatible; MJ12bot/v1.4.8; http://mj12bot.com/)"
65.21.232.254 - - [22/Oct/2023:07:55:27 +0300] "GET /vec/shop-x/%D0%BF%D0%BB%D0%B0%D0%B2%D0%B0%D0%BD%D0%B8%D0%B5/%D0%BA%D1%83%D0%BF%D0%B0%D0%BB%D1%8C%D0%BD%D0%B8%D0%BA%D0%B8/itemlist/tag/%D1%82%D0%B5%D1%80%D0%BC%D0%BE%D0%B1%D0%B5%D0%BB%D1%8C%D1%91%20%D0%B6%D0%B5%D0%BD%D1%81%D0%BA%D0%BE%D0%B5 HTTP/1.0" 404 86777 "-" "Mozilla/5.0 (compatible; MJ12bot/v1.4.8; http://mj12bot.com/)"
65.21.232.254 - - [22/Oct/2023:07:55:31 +0300] "GET /vec/shop-x/%D0%BF%D0%BB%D0%B0%D0%B2%D0%B0%D0%BD%D0%B8%D0%B5/%D0%BA%D1%83%D0%BF%D0%B0%D0%BB%D1%8C%D0%BD%D0%B8%D0%BA%D0%B8/itemlist/tag/%D1%82%D0%B5%D1%80%D0%BC%D0%BE%D0%B1%D0%B5%D0%BB%D1%8C%D1%91%20%D0%B6%D0%B5%D0%BD%D1%81%D0%BA%D0%BE%D0%B5?format=feed&limitstart= HTTP/1.1" 301 180 "-" "Mozilla/5.0 (compatible; MJ12bot/v1.4.8; http://mj12bot.com/)"
65.21.232.254 - - [22/Oct/2023:07:55:32 +0300] "GET /vec/shop-x/%D0%BF%D0%BB%D0%B0%D0%B2%D0%B0%D0%BD%D0%B8%D0%B5/%D0%BA%D1%83%D0%BF%D0%B0%D0%BB%D1%8C%D0%BD%D0%B8%D0%BA%D0%B8/itemlist/tag/%D1%82%D0%B5%D1%80%D0%BC%D0%BE%D0%B1%D0%B5%D0%BB%D1%8C%D1%91%20%D0%B6%D0%B5%D0%BD%D1%81%D0%BA%D0%BE%D0%B5?format=feed&limitstart= HTTP/1.0" 301 602 "-" "Mozilla/5.0 (compatible; MJ12bot/v1.4.8; http://mj12bot.com/)"
65.21.232.254 - - [22/Oct/2023:07:55:36 +0300] "GET /vec/shop-x/%D0%BF%D0%BB%D0%B0%D0%B2%D0%B0%D0%BD%D0%B8%D0%B5/%D0%BA%D1%83%D0%BF%D0%B0%D0%BB%D1%8C%D0%BD%D0%B8%D0%BA%D0%B8/itemlist/tag/%D1%82%D0%B5%D1%80%D0%BC%D0%BE%D0%B1%D0%B5%D0%BB%D1%8C%D1%91%20%D0%B6%D0%B5%D0%BD%D1%81%D0%BA%D0%BE%D0%B5?format=feed&limitstart= HTTP/1.0" 404 86805 "-" "Mozilla/5.0 (compatible; MJ12bot/v1.4.8; http://mj12bot.com/)"
65.21.232.254 - - [22/Oct/2023:07:55:39 +0300] "GET /vec/shop-x/%D0%BF%D0%BB%D0%B0%D0%B2%D0%B0%D0%BD%D0%B8%D0%B5/%D0%BA%D1%83%D0%BF%D0%B0%D0%BB%D1%8C%D0%BD%D0%B8%D0%BA%D0%B8/itemlist/tag/%D1%82%D0%B5%D1%80%D0%BC%D0%BE%D0%B1%D0%B5%D0%BB%D1%8C%D1%91%20%D0%B6%D0%B5%D0%BD%D1%81%D0%BA%D0%BE%D0%B5?format=feed&limitstart=&type=atom HTTP/1.1" 301 180 "-" "Mozilla/5.0 (compatible; MJ12bot/v1.4.8; http://mj12bot.com/)"
65.21.232.254 - - [22/Oct/2023:07:55:41 +0300] "GET /vec/shop-x/%D0%BF%D0%BB%D0%B0%D0%B2%D0%B0%D0%BD%D0%B8%D0%B5/%D0%BA%D1%83%D0%BF%D0%B0%D0%BB%D1%8C%D0%BD%D0%B8%D0%BA%D0%B8/itemlist/tag/%D1%82%D0%B5%D1%80%D0%BC%D0%BE%D0%B1%D0%B5%D0%BB%D1%8C%D1%91%20%D0%B6%D0%B5%D0%BD%D1%81%D0%BA%D0%BE%D0%B5?format=feed&limitstart=&type=atom HTTP/1.0" 301 612 "-" "Mozilla/5.0 (compatible; MJ12bot/v1.4.8; http://mj12bot.com/)"
65.21.232.254 - - [22/Oct/2023:07:55:44 +0300] "GET /vec/shop-x/%D0%BF%D0%BB%D0%B0%D0%B2%D0%B0%D0%BD%D0%B8%D0%B5/%D0%BA%D1%83%D0%BF%D0%B0%D0%BB%D1%8C%D0%BD%D0%B8%D0%BA%D0%B8/itemlist/tag/%D1%82%D0%B5%D1%80%D0%BC%D0%BE%D0%B1%D0%B5%D0%BB%D1%8C%D1%91%20%D0%B6%D0%B5%D0%BD%D1%81%D0%BA%D0%BE%D0%B5?format=feed&limitstart=&type=atom HTTP/1.0" 404 86819 "-" "Mozilla/5.0 (compatible; MJ12bot/v1.4.8; http://mj12bot.com/)"
58.211.23.183 - - [22/Oct/2023:07:55:44 +0300] "GET / HTTP/1.0" 200 22557 "-" "Dalvik/2.1.0 (Linux; U; Android 9.0; ZTE BA520 Build/MRA58K)"
65.21.232.254 - - [22/Oct/2023:07:55:47 +0300] "GET /vec/shop-x/%D0%BF%D0%BB%D0%B0%D0%B2%D0%B0%D0%BD%D0%B8%D0%B5/%D0%BA%D1%83%D0%BF%D0%B0%D0%BB%D1%8C%D0%BD%D0%B8%D0%BA%D0%B8/itemlist/tag/%D1%82%D0%B5%D1%80%D0%BC%D0%BE%D0%B1%D0%B5%D0%BB%D1%8C%D1%91%20%D0%B6%D0%B5%D0%BD%D1%81%D0%BA%D0%BE%D0%B5?format=feed&limitstart=&type=rss HTTP/1.1" 301 180 "-" "Mozilla/5.0 (compatible; MJ12bot/v1.4.8; http://mj12bot.com/)"
194.156.96.18 - - [22/Oct/2023:07:55:49 +0300] "GET /product/%D0%BB%D0%B5%D0%BD%D1%82%D0%B0-%D0%BC%D0%B0%D1%82%D0%BE%D0%B2%D0%B0%D1%8F-%D0%B4%D0%BB%D1%8F-%D0%BF%D1%83%D0%B0%D0%BD%D1%82%D0%BE%D0%B2-%D0%B1%D1%80%D0%B5%D0%BD%D0%B4-%D0%B3%D1%80%D0%B8%D1%88%D0%BA HTTP/1.1" 301 180 "-" "Mozilla/5.0 (keys-so-bot)"
65.21.232.254 - - [22/Oct/2023:07:55:49 +0300] "GET /vec/shop-x/%D0%BF%D0%BB%D0%B0%D0%B2%D0%B0%D0%BD%D0%B8%D0%B5/%D0%BA%D1%83%D0%BF%D0%B0%D0%BB%D1%8C%D0%BD%D0%B8%D0%BA%D0%B8/itemlist/tag/%D1%82%D0%B5%D1%80%D0%BC%D0%BE%D0%B1%D0%B5%D0%BB%D1%8C%D1%91%20%D0%B6%D0%B5%D0%BD%D1%81%D0%BA%D0%BE%D0%B5?format=feed&limitstart=&type=rss HTTP/1.0" 301 611 "-" "Mozilla/5.0 (compatible; MJ12bot/v1.4.8; http://mj12bot.com/)"
194.156.96.18 - - [22/Oct/2023:07:55:49 +0300] "GET /product/%D0%BB%D0%B5%D0%BD%D1%82%D0%B0-%D0%BC%D0%B0%D1%82%D0%BE%D0%B2%D0%B0%D1%8F-%D0%B4%D0%BB%D1%8F-%D0%BF%D1%83%D0%B0%D0%BD%D1%82%D0%BE%D0%B2-%D0%B1%D1%80%D0%B5%D0%BD%D0%B4-%D0%B3%D1%80%D0%B8%D1%88%D0%BA HTTP/1.0" 301 452 "http://vektor-smolensk.ru/product/%D0%BB%D0%B5%D0%BD%D1%82%D0%B0-%D0%BC%D0%B0%D1%82%D0%BE%D0%B2%D0%B0%D1%8F-%D0%B4%D0%BB%D1%8F-%D0%BF%D1%83%D0%B0%D0%BD%D1%82%D0%BE%D0%B2-%D0%B1%D1%80%D0%B5%D0%BD%D0%B4-%D0%B3%D1%80%D0%B8%D1%88%D0%BA" "Mozilla/5.0 (keys-so-bot)"
