65.21.232.254 - - [22/Oct/2023:08:34:08 +0300] "GET /vec/shop-x/%D0%BF%D0%BB%D0%B0%D0%B2%D0%B0%D0%BD%D0%B8%D0%B5/%D0%BF%D0%BB%D0%B0%D0%B2%D0%BA%D0%B8/item/165-%D0%BB%D0%BE%D1%81%D0%B8%D0%BD%D1%8B-%D0%B6%D0%B5%D0%BD%D1%81%D0%BA%D0%B8%D0%B5 HTTP/1.0" 301 524 "-" "Mozilla/5.0 (compatible; MJ12bot/v1.4.8; http://mj12bot.com/)"
65.21.232.254 - - [22/Oct/2023:08:34:11 +0300] "GET /vec/shop-x/%D0%BF%D0%BB%D0%B0%D0%B2%D0%B0%D0%BD%D0%B8%D0%B5/%D0%BF%D0%BB%D0%B0%D0%B2%D0%BA%D0%B8/item/165-%D0%BB%D0%BE%D1%81%D0%B8%D0%BD%D1%8B-%D0%B6%D0%B5%D0%BD%D1%81%D0%BA%D0%B8%D0%B5 HTTP/1.0" 404 86722 "-" "Mozilla/5.0 (compatible; MJ12bot/v1.4.8; http://mj12bot.com/)"
65.21.232.254 - - [22/Oct/2023:08:34:14 +0300] "GET /vec/shop-x/%D0%BF%D0%BB%D0%B0%D0%B2%D0%B0%D0%BD%D0%B8%D0%B5/%D0%BF%D0%BB%D0%B0%D0%B2%D0%BA%D0%B8/item/216-%D0%B1%D1%80%D0%B5%D0%BD%D0%B4-red-fox HTTP/1.1" 301 180 "-" "Mozilla/5.0 (compatible; MJ12bot/v1.4.8; http://mj12bot.com/)"
65.21.232.254 - - [22/Oct/2023:08:34:16 +0300] "GET /vec/shop-x/%D0%BF%D0%BB%D0%B0%D0%B2%D0%B0%D0%BD%D0%B8%D0%B5/%D0%BF%D0%BB%D0%B0%D0%B2%D0%BA%D0%B8/item/216-%D0%B1%D1%80%D0%B5%D0%BD%D0%B4-red-fox HTTP/1.0" 301 483 "-" "Mozilla/5.0 (compatible; MJ12bot/v1.4.8; http://mj12bot.com/)"
65.21.232.254 - - [22/Oct/2023:08:34:20 +0300] "GET /vec/shop-x/%D0%BF%D0%BB%D0%B0%D0%B2%D0%B0%D0%BD%D0%B8%D0%B5/%D0%BF%D0%BB%D0%B0%D0%B2%D0%BA%D0%B8/item/216-%D0%B1%D1%80%D0%B5%D0%BD%D0%B4-red-fox HTTP/1.0" 404 86681 "-" "Mozilla/5.0 (compatible; MJ12bot/v1.4.8; http://mj12bot.com/)"
65.21.232.254 - - [22/Oct/2023:08:34:23 +0300] "GET /vec/shop-x/%D0%BF%D0%BB%D0%B0%D0%B2%D0%B0%D0%BD%D0%B8%D0%B5/%D0%BF%D0%BB%D0%B0%D0%B2%D0%BA%D0%B8/item/217-%D0%B1%D1%80%D0%B5%D0%BD%D0%B4-%D0%B0%D1%80%D0%B3%D0%BE-%D1%8D%D0%BA%D1%81%D0%BA%D0%BB%D1%8E%D0%B7%D0%B8%D0%B2 HTTP/1.1" 301 180 "-" "Mozilla/5.0 (compatible; MJ12bot/v1.4.8; http://mj12bot.com/)"
65.21.232.254 - - [22/Oct/2023:08:34:24 +0300] "GET /vec/shop-x/%D0%BF%D0%BB%D0%B0%D0%B2%D0%B0%D0%BD%D0%B8%D0%B5/%D0%BF%D0%BB%D0%B0%D0%B2%D0%BA%D0%B8/item/217-%D0%B1%D1%80%D0%B5%D0%BD%D0%B4-%D0%B0%D1%80%D0%B3%D0%BE-%D1%8D%D0%BA%D1%81%D0%BA%D0%BB%D1%8E%D0%B7%D0%B8%D0%B2 HTTP/1.0" 301 555 "-" "Mozilla/5.0 (compatible; MJ12bot/v1.4.8; http://mj12bot.com/)"
65.21.232.254 - - [22/Oct/2023:08:34:28 +0300] "GET /vec/shop-x/%D0%BF%D0%BB%D0%B0%D0%B2%D0%B0%D0%BD%D0%B8%D0%B5/%D0%BF%D0%BB%D0%B0%D0%B2%D0%BA%D0%B8/item/217-%D0%B1%D1%80%D0%B5%D0%BD%D0%B4-%D0%B0%D1%80%D0%B3%D0%BE-%D1%8D%D0%BA%D1%81%D0%BA%D0%BB%D1%8E%D0%B7%D0%B8%D0%B2 HTTP/1.0" 404 86753 "-" "Mozilla/5.0 (compatible; MJ12bot/v1.4.8; http://mj12bot.com/)"
65.21.232.254 - - [22/Oct/2023:08:34:31 +0300] "GET /vec/shop-x/%D0%BF%D0%BB%D0%B0%D0%B2%D0%B0%D0%BD%D0%B8%D0%B5/%D0%BF%D0%BB%D0%B0%D0%B2%D0%BA%D0%B8/item/219-%D0%B1%D1%80%D0%B5%D0%BD%D0%B4-%D0%B0%D1%80%D0%B3%D0%BE-%D1%8D%D0%BA%D1%81%D0%BA%D0%BB%D1%8E%D0%B7%D0%B8%D0%B2 HTTP/1.1" 301 180 "-" "Mozilla/5.0 (compatible; MJ12bot/v1.4.8; http://mj12bot.com/)"
65.21.232.254 - - [22/Oct/2023:08:34:33 +0300] "GET /vec/shop-x/%D0%BF%D0%BB%D0%B0%D0%B2%D0%B0%D0%BD%D0%B8%D0%B5/%D0%BF%D0%BB%D0%B0%D0%B2%D0%BA%D0%B8/item/219-%D0%B1%D1%80%D0%B5%D0%BD%D0%B4-%D0%B0%D1%80%D0%B3%D0%BE-%D1%8D%D0%BA%D1%81%D0%BA%D0%BB%D1%8E%D0%B7%D0%B8%D0%B2 HTTP/1.0" 301 555 "-" "Mozilla/5.0 (compatible; MJ12bot/v1.4.8; http://mj12bot.com/)"
65.21.232.254 - - [22/Oct/2023:08:34:36 +0300] "GET /vec/shop-x/%D0%BF%D0%BB%D0%B0%D0%B2%D0%B0%D0%BD%D0%B8%D0%B5/%D0%BF%D0%BB%D0%B0%D0%B2%D0%BA%D0%B8/item/219-%D0%B1%D1%80%D0%B5%D0%BD%D0%B4-%D0%B0%D1%80%D0%B3%D0%BE-%D1%8D%D0%BA%D1%81%D0%BA%D0%BB%D1%8E%D0%B7%D0%B8%D0%B2 HTTP/1.0" 404 86753 "-" "Mozilla/5.0 (compatible; MJ12bot/v1.4.8; http://mj12bot.com/)"
65.21.232.254 - - [22/Oct/2023:08:34:40 +0300] "GET /vec/shop-x/%D0%BF%D0%BB%D0%B0%D0%B2%D0%B0%D0%BD%D0%B8%D0%B5/%D0%BF%D0%BB%D0%B0%D0%B2%D0%BA%D0%B8/item/230-%D0%BA%D1%83%D1%80%D1%82%D0%BA%D0%B0-%D0%B3%D0%BE%D1%80%D0%BD%D0%BE%D0%BB%D1%8B%D0%B6%D0%BD%D0%B0%D1%8F HTTP/1.1" 301 180 "-" "Mozilla/5.0 (compatible; MJ12bot/v1.4.8; http://mj12bot.com/)"
65.21.232.254 - - [22/Oct/2023:08:34:41 +0300] "GET /vec/shop-x/%D0%BF%D0%BB%D0%B0%D0%B2%D0%B0%D0%BD%D0%B8%D0%B5/%D0%BF%D0%BB%D0%B0%D0%B2%D0%BA%D0%B8/item/230-%D0%BA%D1%83%D1%80%D1%82%D0%BA%D0%B0-%D0%B3%D0%BE%D1%80%D0%BD%D0%BE%D0%BB%D1%8B%D0%B6%D0%BD%D0%B0%D1%8F HTTP/1.0" 301 548 "-" "Mozilla/5.0 (compatible; MJ12bot/v1.4.8; http://mj12bot.com/)"
65.21.232.254 - - [22/Oct/2023:08:34:45 +0300] "GET /vec/shop-x/%D0%BF%D0%BB%D0%B0%D0%B2%D0%B0%D0%BD%D0%B8%D0%B5/%D0%BF%D0%BB%D0%B0%D0%B2%D0%BA%D0%B8/item/230-%D0%BA%D1%83%D1%80%D1%82%D0%BA%D0%B0-%D0%B3%D0%BE%D1%80%D0%BD%D0%BE%D0%BB%D1%8B%D0%B6%D0%BD%D0%B0%D1%8F HTTP/1.0" 404 86746 "-" "Mozilla/5.0 (compatible; MJ12bot/v1.4.8; http://mj12bot.com/)"
65.21.232.254 - - [22/Oct/2023:08:34:48 +0300] "GET /vec/shop-x/%D0%BF%D0%BB%D0%B0%D0%B2%D0%B0%D0%BD%D0%B8%D0%B5/%D0%BF%D0%BB%D0%B0%D0%B2%D0%BA%D0%B8/item/231-%D0%B1%D1%80%D0%B5%D0%BD%D0%B4-%D0%B0%D1%80%D0%B3%D0%BE-%D0%BA%D0%BB%D0%B0%D1%81%D1%81%D0%B8%D0%BA HTTP/1.1" 301 180 "-" "Mozilla/5.0 (compatible; MJ12bot/v1.4.8; http://mj12bot.com/)"
65.21.232.254 - - [22/Oct/2023:08:34:49 +0300] "GET /vec/shop-x/%D0%BF%D0%BB%D0%B0%D0%B2%D0%B0%D0%BD%D0%B8%D0%B5/%D0%BF%D0%BB%D0%B0%D0%B2%D0%BA%D0%B8/item/231-%D0%B1%D1%80%D0%B5%D0%BD%D0%B4-%D0%B0%D1%80%D0%B3%D0%BE-%D0%BA%D0%BB%D0%B0%D1%81%D1%81%D0%B8%D0%BA HTTP/1.0" 301 543 "-" "Mozilla/5.0 (compatible; MJ12bot/v1.4.8; http://mj12bot.com/)"
65.21.232.254 - - [22/Oct/2023:08:34:53 +0300] "GET /vec/shop-x/%D0%BF%D0%BB%D0%B0%D0%B2%D0%B0%D0%BD%D0%B8%D0%B5/%D0%BF%D0%BB%D0%B0%D0%B2%D0%BA%D0%B8/item/231-%D0%B1%D1%80%D0%B5%D0%BD%D0%B4-%D0%B0%D1%80%D0%B3%D0%BE-%D0%BA%D0%BB%D0%B0%D1%81%D1%81%D0%B8%D0%BA HTTP/1.0" 404 86741 "-" "Mozilla/5.0 (compatible; MJ12bot/v1.4.8; http://mj12bot.com/)"
212.224.98.109 - - [22/Oct/2023:08:34:53 +0300] "POST /xmlrpc.php HTTP/1.0" 200 555 "-" "Mozilla/5.0 (X11; Fedora; Linux x86_64; rv:94.0) Gecko/20100101 Firefox/95.0"
65.21.232.254 - - [22/Oct/2023:08:34:56 +0300] "GET /vec/shop-x/%D0%BF%D0%BB%D0%B0%D0%B2%D0%B0%D0%BD%D0%B8%D0%B5/%D0%BF%D0%BB%D0%B0%D0%B2%D0%BA%D0%B8/item/232-%D1%82%D0%BE%D0%BF-%D0%B0%D1%80%D0%B3%D0%BE HTTP/1.1" 301 180 "-" "Mozilla/5.0 (compatible; MJ12bot/v1.4.8; http://mj12bot.com/)"
65.21.232.254 - - [22/Oct/2023:08:34:58 +0300] "GET /vec/shop-x/%D0%BF%D0%BB%D0%B0%D0%B2%D0%B0%D0%BD%D0%B8%D0%B5/%D0%BF%D0%BB%D0%B0%D0%B2%D0%BA%D0%B8/item/232-%D1%82%D0%BE%D0%BF-%D0%B0%D1%80%D0%B3%D0%BE HTTP/1.0" 301 488 "-" "Mozilla/5.0 (compatible; MJ12bot/v1.4.8; http://mj12bot.com/)"
65.21.232.254 - - [22/Oct/2023:08:35:01 +0300] "GET /vec/shop-x/%D0%BF%D0%BB%D0%B0%D0%B2%D0%B0%D0%BD%D0%B8%D0%B5/%D0%BF%D0%BB%D0%B0%D0%B2%D0%BA%D0%B8/item/232-%D1%82%D0%BE%D0%BF-%D0%B0%D1%80%D0%B3%D0%BE HTTP/1.0" 404 86686 "-" "Mozilla/5.0 (compatible; MJ12bot/v1.4.8; http://mj12bot.com/)"
91.203.178.194 - - [22/Oct/2023:08:35:03 +0300] "POST /wp-cron.php?doing_wp_cron=1697952903.3800530433654785156250 HTTP/1.0" 200 259 "-" "WordPress/6.3.2; https://vektor-smolensk.ru"
65.21.232.254 - - [22/Oct/2023:08:35:06 +0300] "GET /vec/shop-x/%D0%BF%D0%BB%D0%B0%D0%B2%D0%B0%D0%BD%D0%B8%D0%B5/%D0%BF%D0%BB%D0%B0%D0%B2%D0%BA%D0%B8/item/233-%D1%82%D0%BE%D0%BF-%D0%B0%D1%80%D0%B3%D0%BE HTTP/1.1" 301 180 "-" "Mozilla/5.0 (compatible; MJ12bot/v1.4.8; http://mj12bot.com/)"
65.21.232.254 - - [22/Oct/2023:08:35:07 +0300] "GET /vec/shop-x/%D0%BF%D0%BB%D0%B0%D0%B2%D0%B0%D0%BD%D0%B8%D0%B5/%D0%BF%D0%BB%D0%B0%D0%B2%D0%BA%D0%B8/item/233-%D1%82%D0%BE%D0%BF-%D0%B0%D1%80%D0%B3%D0%BE HTTP/1.0" 301 488 "-" "Mozilla/5.0 (compatible; MJ12bot/v1.4.8; http://mj12bot.com/)"
65.21.232.254 - - [22/Oct/2023:08:35:11 +0300] "GET /vec/shop-x/%D0%BF%D0%BB%D0%B0%D0%B2%D0%B0%D0%BD%D0%B8%D0%B5/%D0%BF%D0%BB%D0%B0%D0%B2%D0%BA%D0%B8/item/233-%D1%82%D0%BE%D0%BF-%D0%B0%D1%80%D0%B3%D0%BE HTTP/1.0" 404 86686 "-" "Mozilla/5.0 (compatible; MJ12bot/v1.4.8; http://mj12bot.com/)"
65.21.232.254 - - [22/Oct/2023:08:35:14 +0300] "GET /vec/shop-x/%D0%BF%D0%BB%D0%B0%D0%B2%D0%B0%D0%BD%D0%B8%D0%B5/%D0%BF%D0%BB%D0%B0%D0%B2%D0%BA%D0%B8/item/24-%D0%BA%D0%BE%D1%81%D1%82%D1%8E%D0%BC-%D0%B1%D1%80%D0%B5%D0%BD%D0%B4-stayer HTTP/1.1" 301 180 "-" "Mozilla/5.0 (compatible; MJ12bot/v1.4.8; http://mj12bot.com/)"
65.21.232.254 - - [22/Oct/2023:08:35:16 +0300] "GET /vec/shop-x/%D0%BF%D0%BB%D0%B0%D0%B2%D0%B0%D0%BD%D0%B8%D0%B5/%D0%BF%D0%BB%D0%B0%D0%B2%D0%BA%D0%B8/item/24-%D0%BA%D0%BE%D1%81%D1%82%D1%8E%D0%BC-%D0%B1%D1%80%D0%B5%D0%BD%D0%B4-stayer HTTP/1.0" 301 518 "-" "Mozilla/5.0 (compatible; MJ12bot/v1.4.8; http://mj12bot.com/)"
65.21.232.254 - - [22/Oct/2023:08:35:19 +0300] "GET /vec/shop-x/%D0%BF%D0%BB%D0%B0%D0%B2%D0%B0%D0%BD%D0%B8%D0%B5/%D0%BF%D0%BB%D0%B0%D0%B2%D0%BA%D0%B8/item/24-%D0%BA%D0%BE%D1%81%D1%82%D1%8E%D0%BC-%D0%B1%D1%80%D0%B5%D0%BD%D0%B4-stayer HTTP/1.0" 404 86716 "-" "Mozilla/5.0 (compatible; MJ12bot/v1.4.8; http://mj12bot.com/)"
65.21.232.254 - - [22/Oct/2023:08:35:22 +0300] "GET /vec/shop-x/%D0%BF%D0%BB%D0%B0%D0%B2%D0%B0%D0%BD%D0%B8%D0%B5/%D0%BF%D0%BB%D0%B0%D0%B2%D0%BA%D0%B8/item/243-%D0%BA%D1%83%D1%80%D1%82%D0%BA%D0%B0-%D0%B1%D1%80%D0%B5%D0%BD%D0%B4-stayer HTTP/1.1" 301 180 "-" "Mozilla/5.0 (compatible; MJ12bot/v1.4.8; http://mj12bot.com/)"
65.21.232.254 - - [22/Oct/2023:08:35:24 +0300] "GET /vec/shop-x/%D0%BF%D0%BB%D0%B0%D0%B2%D0%B0%D0%BD%D0%B8%D0%B5/%D0%BF%D0%BB%D0%B0%D0%B2%D0%BA%D0%B8/item/243-%D0%BA%D1%83%D1%80%D1%82%D0%BA%D0%B0-%D0%B1%D1%80%D0%B5%D0%BD%D0%B4-stayer HTTP/1.0" 301 519 "-" "Mozilla/5.0 (compatible; MJ12bot/v1.4.8; http://mj12bot.com/)"
65.21.232.254 - - [22/Oct/2023:08:35:27 +0300] "GET /vec/shop-x/%D0%BF%D0%BB%D0%B0%D0%B2%D0%B0%D0%BD%D0%B8%D0%B5/%D0%BF%D0%BB%D0%B0%D0%B2%D0%BA%D0%B8/item/243-%D0%BA%D1%83%D1%80%D1%82%D0%BA%D0%B0-%D0%B1%D1%80%D0%B5%D0%BD%D0%B4-stayer HTTP/1.0" 404 86717 "-" "Mozilla/5.0 (compatible; MJ12bot/v1.4.8; http://mj12bot.com/)"
65.21.232.254 - - [22/Oct/2023:08:35:30 +0300] "GET /vec/shop-x/%D0%BF%D0%BB%D0%B0%D0%B2%D0%B0%D0%BD%D0%B8%D0%B5/%D0%BF%D0%BB%D0%B0%D0%B2%D0%BA%D0%B8/item/244-%D0%B1%D1%80%D0%B5%D0%BD%D0%B4-%D0%B0%D1%80%D0%B3%D0%BE-%D1%8D%D0%BA%D1%81%D0%BA%D0%BB%D1%8E%D0%B7%D0%B8%D0%B2 HTTP/1.1" 301 180 "-" "Mozilla/5.0 (compatible; MJ12bot/v1.4.8; http://mj12bot.com/)"
65.21.232.254 - - [22/Oct/2023:08:35:32 +0300] "GET /vec/shop-x/%D0%BF%D0%BB%D0%B0%D0%B2%D0%B0%D0%BD%D0%B8%D0%B5/%D0%BF%D0%BB%D0%B0%D0%B2%D0%BA%D0%B8/item/244-%D0%B1%D1%80%D0%B5%D0%BD%D0%B4-%D0%B0%D1%80%D0%B3%D0%BE-%D1%8D%D0%BA%D1%81%D0%BA%D0%BB%D1%8E%D0%B7%D0%B8%D0%B2 HTTP/1.0" 301 555 "-" "Mozilla/5.0 (compatible; MJ12bot/v1.4.8; http://mj12bot.com/)"
65.21.232.254 - - [22/Oct/2023:08:35:35 +0300] "GET /vec/shop-x/%D0%BF%D0%BB%D0%B0%D0%B2%D0%B0%D0%BD%D0%B8%D0%B5/%D0%BF%D0%BB%D0%B0%D0%B2%D0%BA%D0%B8/item/244-%D0%B1%D1%80%D0%B5%D0%BD%D0%B4-%D0%B0%D1%80%D0%B3%D0%BE-%D1%8D%D0%BA%D1%81%D0%BA%D0%BB%D1%8E%D0%B7%D0%B8%D0%B2 HTTP/1.0" 404 86753 "-" "Mozilla/5.0 (compatible; MJ12bot/v1.4.8; http://mj12bot.com/)"
65.21.232.254 - - [22/Oct/2023:08:35:39 +0300] "GET /vec/%D0%BF%C2%BB%D1%97 HTTP/1.1" 301 180 "-" "Mozilla/5.0 (compatible; MJ12bot/v1.4.8; http://mj12bot.com/)"
65.21.232.254 - - [22/Oct/2023:08:35:40 +0300] "GET /vec/%D0%BF%C2%BB%D1%97 HTTP/1.0" 301 361 "-" "Mozilla/5.0 (compatible; MJ12bot/v1.4.8; http://mj12bot.com/)"
65.21.232.254 - - [22/Oct/2023:08:35:44 +0300] "GET /vec/%D0%BF%C2%BB%D1%97 HTTP/1.0" 404 86555 "-" "Mozilla/5.0 (compatible; MJ12bot/v1.4.8; http://mj12bot.com/)"
65.21.232.254 - - [22/Oct/2023:08:35:47 +0300] "GET /video-i-reklama/%D0%B2%D0%B8%D0%B4%D0%B5%D0%BE-%D0%B1%D1%80%D0%B5%D0%BD%D0%B4%D0%BE%D0%B2 HTTP/1.1" 301 180 "-" "Mozilla/5.0 (compatible; MJ12bot/v1.4.8; http://mj12bot.com/)"
65.21.232.254 - - [22/Oct/2023:08:35:49 +0300] "GET /video-i-reklama/%D0%B2%D0%B8%D0%B4%D0%B5%D0%BE-%D0%B1%D1%80%D0%B5%D0%BD%D0%B4%D0%BE%D0%B2 HTTP/1.0" 301 428 "-" "Mozilla/5.0 (compatible; MJ12bot/v1.4.8; http://mj12bot.com/)"
65.21.232.254 - - [22/Oct/2023:08:35:52 +0300] "GET /video-i-reklama/%D0%B2%D0%B8%D0%B4%D0%B5%D0%BE-%D0%B1%D1%80%D0%B5%D0%BD%D0%B4%D0%BE%D0%B2 HTTP/1.0" 404 86622 "-" "Mozilla/5.0 (compatible; MJ12bot/v1.4.8; http://mj12bot.com/)"
65.21.232.254 - - [22/Oct/2023:08:35:56 +0300] "GET /video-i-reklama/%D0%B2%D0%B8%D0%B4%D0%B5%D0%BE-%D0%B1%D1%80%D0%B5%D0%BD%D0%B4%D0%BE%D0%B2 HTTP/1.0" 301 428 "-" "Mozilla/5.0 (compatible; MJ12bot/v1.4.8; http://mj12bot.com/)"
65.21.232.254 - - [22/Oct/2023:08:35:59 +0300] "GET /video-i-reklama/%D0%B2%D0%B8%D0%B4%D0%B5%D0%BE-%D0%B1%D1%80%D0%B5%D0%BD%D0%B4%D0%BE%D0%B2 HTTP/1.0" 404 86622 "-" "Mozilla/5.0 (compatible; MJ12bot/v1.4.8; http://mj12bot.com/)"
91.203.178.194 - - [22/Oct/2023:08:36:01 +0300] "POST /wp-cron.php?doing_wp_cron=1697952961.4084980487823486328125 HTTP/1.0" 200 259 "-" "WordPress/6.3.2; https://vektor-smolensk.ru"
65.21.232.254 - - [22/Oct/2023:08:36:04 +0300] "GET /video-i-reklama/%D1%80%D0%B5%D0%BA%D0%BB%D0%B0%D0%BC%D0%B0-%D0%B2%D0%B5%D0%BA%D1%82%D0%BE%D1%80 HTTP/1.1" 301 180 "-" "Mozilla/5.0 (compatible; MJ12bot/v1.4.8; http://mj12bot.com/)"
65.21.232.254 - - [22/Oct/2023:08:36:05 +0300] "GET /video-i-reklama/%D1%80%D0%B5%D0%BA%D0%BB%D0%B0%D0%BC%D0%B0-%D0%B2%D0%B5%D0%BA%D1%82%D0%BE%D1%80 HTTP/1.0" 301 434 "-" "Mozilla/5.0 (compatible; MJ12bot/v1.4.8; http://mj12bot.com/)"
65.21.232.254 - - [22/Oct/2023:08:36:09 +0300] "GET /video-i-reklama/%D1%80%D0%B5%D0%BA%D0%BB%D0%B0%D0%BC%D0%B0-%D0%B2%D0%B5%D0%BA%D1%82%D0%BE%D1%80 HTTP/1.0" 404 86628 "-" "Mozilla/5.0 (compatible; MJ12bot/v1.4.8; http://mj12bot.com/)"
65.21.232.254 - - [22/Oct/2023:08:36:12 +0300] "GET /video-i-reklama/%D1%80%D0%B5%D0%BA%D0%BB%D0%B0%D0%BC%D0%B0-%D0%B2%D0%B5%D0%BA%D1%82%D0%BE%D1%80 HTTP/1.0" 301 434 "-" "Mozilla/5.0 (compatible; MJ12bot/v1.4.8; http://mj12bot.com/)"
65.21.232.254 - - [22/Oct/2023:08:36:16 +0300] "GET /video-i-reklama/%D1%80%D0%B5%D0%BA%D0%BB%D0%B0%D0%BC%D0%B0-%D0%B2%D0%B5%D0%BA%D1%82%D0%BE%D1%80 HTTP/1.0" 404 86628 "-" "Mozilla/5.0 (compatible; MJ12bot/v1.4.8; http://mj12bot.com/)"
65.21.232.254 - - [22/Oct/2023:08:36:19 +0300] "GET /Im HTTP/1.1" 301 180 "-" "Mozilla/5.0 (compatible; MJ12bot/v1.4.8; http://mj12bot.com/)"
65.21.232.254 - - [22/Oct/2023:08:36:21 +0300] "GET /Im HTTP/1.0" 301 341 "-" "Mozilla/5.0 (compatible; MJ12bot/v1.4.8; http://mj12bot.com/)"
65.21.232.254 - - [22/Oct/2023:08:36:24 +0300] "GET /Im HTTP/1.0" 404 86534 "-" "Mozilla/5.0 (compatible; MJ12bot/v1.4.8; http://mj12bot.com/)"
213.180.203.115 - - [22/Oct/2023:08:37:07 +0300] "GET /product/%D0%BA%D0%BE%D0%BB%D0%B3%D0%BE%D1%82%D0%BA%D0%B8-%D0%BD%D0%B0-%D0%BA%D0%BE%D0%BD%D0%B5%D0%BA-mondor-%D0%BC%D0%BE%D0%B4%D0%B5%D0%BB%D1%8C-3368sp-xp/?add-to-cart=1802 HTTP/1.0" 200 19361 "-" "Mozilla/5.0 (compatible; YandexBot/3.0; +http://yandex.com/bots)"
91.203.178.194 - - [22/Oct/2023:08:37:09 +0300] "POST /wp-cron.php?doing_wp_cron=1697953029.4730989933013916015625 HTTP/1.0" 200 259 "-" "WordPress/6.3.2; https://vektor-smolensk.ru"
5.255.231.36 - - [22/Oct/2023:08:39:37 +0300] "GET /product/%D1%82%D0%BE%D1%80-331-argo-classic/?add-to-cart=2020 HTTP/1.0" 200 19800 "-" "Mozilla/5.0 (compatible; YandexBot/3.0; +http://yandex.com/bots)"
91.203.178.194 - - [22/Oct/2023:08:39:39 +0300] "POST /wp-cron.php?doing_wp_cron=1697953179.1978979110717773437500 HTTP/1.0" 200 259 "-" "WordPress/6.3.2; https://vektor-smolensk.ru"
87.250.224.79 - - [22/Oct/2023:08:39:40 +0300] "GET /product/%D0%BA%D0%BE%D0%BB%D0%B3%D0%BE%D1%82%D0%BA%D0%B8-%D0%BD%D0%B0-%D0%BA%D0%BE%D0%BD%D0%B5%D0%BA-mondor-%D0%BC%D0%BE%D0%B4%D0%B5%D0%BB%D1%8C-3368sp-xp/ HTTP/1.0" 200 16979 "-" "Mozilla/5.0 (compatible; YandexBot/3.0; +http://yandex.com/bots)"
95.108.213.137 - - [22/Oct/2023:08:39:41 +0300] "GET /product/%D1%82%D0%B5%D1%80%D0%BC%D0%BE%D0%BB%D0%BE%D1%81%D0%B8%D0%BD%D1%8B-%D1%88%D0%B0%D1%80%D0%BB%D0%B8%D0%B7-%D0%B0%D1%80%D1%82-0141/?add-to-cart=1973 HTTP/1.0" 200 19531 "-" "Mozilla/5.0 (compatible; YandexBot/3.0; +http://yandex.com/bots)"
213.180.203.219 - - [22/Oct/2023:08:41:01 +0300] "GET /product/%D1%82%D0%B5%D1%80%D0%BC%D0%BE%D0%BB%D0%BE%D1%81%D0%B8%D0%BD%D1%8B-%D1%88%D0%B0%D1%80%D0%BB%D0%B8%D0%B7-%D0%B0%D1%80%D1%82-0141/ HTTP/1.0" 200 17045 "-" "Mozilla/5.0 (compatible; YandexBot/3.0; +http://yandex.com/bots)"
91.203.178.194 - - [22/Oct/2023:08:41:03 +0300] "POST /wp-cron.php?doing_wp_cron=1697953263.2998681068420410156250 HTTP/1.0" 200 259 "-" "WordPress/6.3.2; https://vektor-smolensk.ru"
134.209.158.44 - - [22/Oct/2023:08:41:39 +0300] "POST /xmlrpc.php HTTP/1.0" 200 559 "-" "Mozilla/5.0 (X11; Fedora; Linux x86_64; rv:94.0) Gecko/20100101 Firefox/95.0"
213.180.203.239 - - [22/Oct/2023:08:43:33 +0300] "GET /product-category/%D1%84%D0%B8%D1%82%D0%BD%D0%B5%D1%81-%D1%82%D0%B0%D0%BD%D1%86%D1%8B-%D1%85%D0%BE%D1%80%D0%B5%D0%BE%D0%B3%D1%80%D0%B0%D1%84%D0%B8%D1%8F-%D0%B3%D0%B8%D0%BC%D0%BD%D0%B0%D1%81%D1%82%D0%B8%D0%BA%D0%B0/%D1%84%D0%B8%D1%82%D0%BD%D0%B5%D1%81-%D0%BE%D0%B4%D0%B5%D0%B6%D0%B4%D0%B0/?add-to-cart=1919 HTTP/1.0" 200 19663 "-" "Mozilla/5.0 (compatible; YandexBot/3.0; +http://yandex.com/bots)"
91.203.178.194 - - [22/Oct/2023:08:42:28 +0300] "POST /wp-cron.php?doing_wp_cron=1697953348.4248208999633789062500 HTTP/1.0" 200 259 "-" "WordPress/6.3.2; https://vektor-smolensk.ru"
153.126.139.94 - - [22/Oct/2023:08:48:02 +0300] "POST /xmlrpc.php HTTP/1.0" 200 553 "-" "Mozilla/5.0 (X11; Fedora; Linux x86_64; rv:94.0) Gecko/20100101 Firefox/95.0"
91.203.178.194 - - [22/Oct/2023:08:48:04 +0300] "POST /wp-cron.php?doing_wp_cron=1697953684.7838199138641357421875 HTTP/1.0" 200 259 "-" "WordPress/6.3.2; https://vektor-smolensk.ru"
193.202.110.29 - - [22/Oct/2023:08:49:02 +0300] "GET /.well-known/acme-challenge/upfile.php HTTP/1.1" 301 180 "http://simplesite.com" "Mozilla/5.0 (Windows; U; Windows NT 5.1; en-US) AppleWebKit/533.4 (KHTML, like Gecko) Chrome/5.0.375.99 Safari/533.4"
193.202.110.29 - - [22/Oct/2023:08:49:02 +0300] "GET /.well-known/acme-challenge/upfile.php HTTP/2.0" 404 555 "http://vektor-smolensk.ru/.well-known/acme-challenge/upfile.php" "Mozilla/5.0 (Windows; U; Windows NT 5.1; en-US) AppleWebKit/533.4 (KHTML, like Gecko) Chrome/5.0.375.99 Safari/533.4"
66.249.76.99 - - [22/Oct/2023:08:53:20 +0300] "GET /wp-content/uploads/2022/03/dbe05350458c15fa6c802fb686391131.jpg HTTP/1.1" 200 46713 "-" "Googlebot-Image/1.0"
189.126.206.157 - - [22/Oct/2023:08:54:27 +0300] "POST /xmlrpc.php HTTP/1.0" 200 553 "-" "Mozilla/5.0 (X11; Fedora; Linux x86_64; rv:94.0) Gecko/20100101 Firefox/95.0"
91.203.178.194 - - [22/Oct/2023:08:54:29 +0300] "POST /wp-cron.php?doing_wp_cron=1697954069.3157300949096679687500 HTTP/1.0" 200 259 "-" "WordPress/6.3.2; https://vektor-smolensk.ru"
217.21.84.130 - - [22/Oct/2023:08:56:43 +0300] "POST /wp-login.php HTTP/1.0" 200 3750 "-" "Mozilla/5.0 (Windows NT 6.1; Win64; x64) AppleWebKit/537.36 (KHTML, like Gecko) Chrome/67.0.3396.87 Safari/537.36"
91.203.178.194 - - [22/Oct/2023:08:56:44 +0300] "POST /wp-cron.php?doing_wp_cron=1697954204.8074209690093994140625 HTTP/1.0" 200 259 "-" "WordPress/6.3.2; https://vektor-smolensk.ru"
139.59.10.149 - - [22/Oct/2023:09:00:53 +0300] "POST /xmlrpc.php HTTP/1.0" 200 553 "-" "Mozilla/5.0 (X11; Fedora; Linux x86_64; rv:94.0) Gecko/20100101 Firefox/95.0"
91.203.178.194 - - [22/Oct/2023:09:00:55 +0300] "POST /wp-cron.php?doing_wp_cron=1697954455.4981629848480224609375 HTTP/1.0" 200 259 "-" "WordPress/6.3.2; https://vektor-smolensk.ru"
181.39.113.115 - - [22/Oct/2023:09:01:16 +0300] "POST /wp-login.php HTTP/1.0" 200 3751 "-" "Mozilla/5.0 (Windows NT 10.0; WOW64) AppleWebKit/537.36 (KHTML, like Gecko) Chrome/53.0.2785.143 Safari/537.36"
91.203.178.194 - - [22/Oct/2023:09:01:18 +0300] "POST /wp-cron.php?doing_wp_cron=1697954478.1077270507812500000000 HTTP/1.0" 200 259 "-" "WordPress/6.3.2; https://vektor-smolensk.ru"
184.75.214.163 - - [22/Oct/2023:09:01:53 +0300] "POST /xmlrpc.php HTTP/1.0" 200 680 "-" "Mozilla/5.0 (Windows NT 10.0; Win64; x64) AppleWebKit/537.36 (KHTML, like Gecko) Chrome/100.0.4896.127 Safari/537.36"
114.119.157.112 - - [22/Oct/2023:09:02:43 +0300] "GET /robots.txt HTTP/1.0" 200 402 "-" "Mozilla/5.0 (compatible;PetalBot;+https://webmaster.petalsearch.com/site/petalbot)"
91.203.178.194 - - [22/Oct/2023:09:02:45 +0300] "POST /wp-cron.php?doing_wp_cron=1697954565.1725409030914306640625 HTTP/1.0" 200 259 "-" "WordPress/6.3.2; https://vektor-smolensk.ru"
64.124.8.50 - - [22/Oct/2023:09:04:08 +0300] "GET /wp-content/uploads/2022/03/7a6409a35f8223f856dc99651cb33cb1-324x324.jpg HTTP/1.1" 200 6679 "-" "Mozilla/5.0 (Macintosh; Intel Mac OS X 10_15_7) AppleWebKit/537.36 (KHTML, like Gecko) Chrome/107.0.0.0 Safari/537.36"
64.124.8.50 - - [22/Oct/2023:09:04:10 +0300] "GET /wp-content/uploads/2022/03/7293a47c0f4cdddd46ff10bcf3d23287-scaled.jpg HTTP/1.1" 200 130256 "-" "Mozilla/5.0 (Macintosh; Intel Mac OS X 10_15_7) AppleWebKit/537.36 (KHTML, like Gecko) Chrome/107.0.0.0 Safari/537.36"
64.124.8.50 - - [22/Oct/2023:09:04:11 +0300] "GET /wp-content/uploads/2022/03/463052dad9377fe2445d3b1bfb5f62a3-416x343.jpg HTTP/1.1" 200 5363 "-" "Mozilla/5.0 (Macintosh; Intel Mac OS X 10_15_7) AppleWebKit/537.36 (KHTML, like Gecko) Chrome/107.0.0.0 Safari/537.36"
64.124.8.50 - - [22/Oct/2023:09:04:31 +0300] "GET /wp-content/uploads/2022/03/dbe05350458c15fa6c802fb686391131-324x324.jpg HTTP/1.1" 200 6216 "-" "Mozilla/5.0 (Macintosh; Intel Mac OS X 10_15_7) AppleWebKit/537.36 (KHTML, like Gecko) Chrome/107.0.0.0 Safari/537.36"
64.124.8.50 - - [22/Oct/2023:09:04:31 +0300] "GET /wp-content/uploads/2022/03/3b3e749011568df066956f2034087c10-416x416.jpg HTTP/1.1" 200 17066 "-" "Mozilla/5.0 (Macintosh; Intel Mac OS X 10_15_7) AppleWebKit/537.36 (KHTML, like Gecko) Chrome/107.0.0.0 Safari/537.36"
64.124.8.50 - - [22/Oct/2023:09:04:47 +0300] "GET /wp-content/uploads/2022/03/267b1948fa84309bc99f9c0289cabe44-324x324.jpg HTTP/1.1" 200 18087 "-" "Mozilla/5.0 (Macintosh; Intel Mac OS X 10_15_7) AppleWebKit/537.36 (KHTML, like Gecko) Chrome/107.0.0.0 Safari/537.36"
125.212.209.171 - - [22/Oct/2023:09:06:28 +0300] "POST /wp-login.php HTTP/1.0" 200 3757 "-" "Mozilla/5.0 (Windows NT 6.3; Win64; x64) AppleWebKit/537.36 (KHTML, like Gecko) Chrome/62.0.3202.94 Safari/537.36"
91.203.178.194 - - [22/Oct/2023:09:06:29 +0300] "POST /wp-cron.php?doing_wp_cron=1697954789.6640079021453857421875 HTTP/1.0" 200 259 "-" "WordPress/6.3.2; https://vektor-smolensk.ru"
91.236.168.249 - - [22/Oct/2023:09:07:20 +0300] "POST /xmlrpc.php HTTP/1.0" 200 553 "-" "Mozilla/5.0 (X11; Fedora; Linux x86_64; rv:94.0) Gecko/20100101 Firefox/95.0"
91.203.178.194 - - [22/Oct/2023:09:07:22 +0300] "POST /wp-cron.php?doing_wp_cron=1697954842.3410549163818359375000 HTTP/1.0" 200 259 "-" "WordPress/6.3.2; https://vektor-smolensk.ru"
66.249.66.64 - - [22/Oct/2023:09:10:45 +0300] "GET /product/%D0%B6%D0%B8%D0%BB%D0%B5%D1%82-%D1%81-%D0%B2%D1%8B%D1%81%D0%BE%D0%BA%D0%B8%D0%BC-%D0%B3%D0%BE%D1%80%D0%BB%D0%BE%D0%BC/ HTTP/1.0" 200 17202 "-" "Mozilla/5.0 (Linux; Android 6.0.1; Nexus 5X Build/MMB29P) AppleWebKit/537.36 (KHTML, like Gecko) Chrome/118.0.5993.88 Mobile Safari/537.36 (compatible; Googlebot/2.1; +http://www.google.com/bot.html)"
91.203.178.194 - - [22/Oct/2023:09:10:46 +0300] "POST /wp-cron.php?doing_wp_cron=1697955046.4864718914031982421875 HTTP/1.0" 200 259 "-" "WordPress/6.3.2; https://vektor-smolensk.ru"
5.255.231.249 - - [22/Oct/2023:09:11:20 +0300] "GET /product/%D0%BF%D0%BB%D0%B0%D1%82%D0%B5-%D1%86%D0%B2%D0%B5%D1%82%D0%BE%D0%BA/?add-to-cart=1777 HTTP/1.0" 200 19595 "-" "Mozilla/5.0 (compatible; YandexBot/3.0; +http://yandex.com/bots)"
91.203.178.194 - - [22/Oct/2023:09:11:22 +0300] "POST /wp-cron.php?doing_wp_cron=1697955082.5700960159301757812500 HTTP/1.0" 200 259 "-" "WordPress/6.3.2; https://vektor-smolensk.ru"
213.152.187.210 - - [22/Oct/2023:09:11:30 +0300] "POST /xmlrpc.php HTTP/1.0" 200 680 "-" "Mozilla/5.0 (Windows NT 10.0; Win64; x64) AppleWebKit/537.36 (KHTML, like Gecko) Chrome/100.0.4896.127 Safari/537.36"
69.55.60.174 - - [22/Oct/2023:09:11:34 +0300] "GET / HTTP/1.1" 301 180 "-" "-"
213.180.203.22 - - [22/Oct/2023:09:12:39 +0300] "GET /product/%D0%BA%D0%BE%D0%BB%D0%B3%D0%BE%D1%82%D0%BA%D0%B8-%D1%82%D1%80%D0%B8%D0%BA%D0%BE-%D1%81%D0%B5%D1%82%D0%BA%D0%B0-%D0%B1%D1%80%D0%B5%D0%BD%D0%B4-%D0%B3%D1%80%D0%B8%D1%88%D0%BA%D0%BE-%D0%B0%D1%80/ HTTP/1.0" 200 16412 "-" "Mozilla/5.0 (compatible; YandexBot/3.0; +http://yandex.com/bots)"
91.203.178.194 - - [22/Oct/2023:09:12:41 +0300] "POST /wp-cron.php?doing_wp_cron=1697955161.5514109134674072265625 HTTP/1.0" 200 259 "-" "WordPress/6.3.2; https://vektor-smolensk.ru"
133.130.103.36 - - [22/Oct/2023:09:13:15 +0300] "POST /wp-login.php HTTP/1.0" 200 3759 "-" "Mozilla/5.0 (Windows NT 6.1) AppleWebKit/537.36 (KHTML, like Gecko) Chrome/80.0.3987.149 Safari/537.36"
91.203.178.194 - - [22/Oct/2023:09:13:16 +0300] "POST /wp-cron.php?doing_wp_cron=1697955196.6830859184265136718750 HTTP/1.0" 200 259 "-" "WordPress/6.3.2; https://vektor-smolensk.ru"
213.180.203.45 - - [22/Oct/2023:09:13:30 +0300] "GET /product/%D0%BA%D0%BE%D0%BB%D0%B3%D0%BE%D1%82%D0%BA%D0%B8-%D0%B4%D0%B5%D1%82%D1%81%D0%BA%D0%B8%D0%B5-haidi-astra-socks-90den/?add-to-cart=1958 HTTP/1.0" 200 21073 "-" "Mozilla/5.0 (compatible; YandexBot/3.0; +http://yandex.com/bots)"
167.71.175.137 - - [22/Oct/2023:09:13:39 +0300] "POST /xmlrpc.php HTTP/1.0" 200 555 "-" "Mozilla/5.0 (X11; Fedora; Linux x86_64; rv:94.0) Gecko/20100101 Firefox/95.0"
5.255.231.72 - - [22/Oct/2023:09:16:53 +0300] "GET /product/%D0%BB%D0%BE%D1%81%D0%B8%D0%BD%D1%8B-%D1%85%D0%BB%D0%BE%D0%BF%D0%BE%D0%BA/?add-to-cart=1866 HTTP/1.0" 200 19450 "-" "Mozilla/5.0 (compatible; YandexBot/3.0; +http://yandex.com/bots)"
91.203.178.194 - - [22/Oct/2023:09:16:55 +0300] "POST /wp-cron.php?doing_wp_cron=1697955415.4139409065246582031250 HTTP/1.0" 200 259 "-" "WordPress/6.3.2; https://vektor-smolensk.ru"
95.108.213.98 - - [22/Oct/2023:09:18:26 +0300] "GET /product/%D0%BB%D0%BE%D1%81%D0%B8%D0%BD%D1%8B-%D1%85%D0%BB%D0%BE%D0%BF%D0%BE%D0%BA/ HTTP/1.0" 200 17035 "-" "Mozilla/5.0 (compatible; YandexBot/3.0; +http://yandex.com/bots)"
91.203.178.194 - - [22/Oct/2023:09:18:28 +0300] "POST /wp-cron.php?doing_wp_cron=1697955508.5206549167633056640625 HTTP/1.0" 200 259 "-" "WordPress/6.3.2; https://vektor-smolensk.ru"
173.236.193.41 - - [22/Oct/2023:09:19:55 +0300] "POST /xmlrpc.php HTTP/1.0" 200 553 "-" "Mozilla/5.0 (X11; Fedora; Linux x86_64; rv:94.0) Gecko/20100101 Firefox/95.0"
91.203.178.194 - - [22/Oct/2023:09:19:57 +0300] "POST /wp-cron.php?doing_wp_cron=1697955597.4836170673370361328125 HTTP/1.0" 200 259 "-" "WordPress/6.3.2; https://vektor-smolensk.ru"
213.180.203.216 - - [22/Oct/2023:09:22:23 +0300] "GET /product/%D0%BA%D1%83%D0%BF%D0%B0%D0%BB%D1%8C%D0%BD%D0%B8%D0%BA-%D0%B3%D0%B8%D0%BC%D0%BD%D0%B0%D1%81%D1%82%D0%B8%D1%87%D0%B5%D1%81%D0%BA%D0%B8%D0%B9-%D1%85%D0%BB%D0%BE%D0%BF%D0%BE%D0%BA/?add-to-cart=1866 HTTP/1.0" 200 19316 "-" "Mozilla/5.0 (compatible; YandexBot/3.0; +http://yandex.com/bots)"
66.249.66.65 - - [22/Oct/2023:09:22:22 +0300] "GET /product/%D1%82%D1%80%D0%B8%D0%BA%D0%BE-%D1%82%D0%B0%D0%BD%D1%86%D0%B5%D0%B2%D0%B0%D0%BB%D1%8C%D0%BD%D0%BE%D0%B5-%D0%BF%D0%BE%D0%B4-%D0%BF%D1%8F%D1%82%D0%BA%D1%83-tr-70-28-%D0%B1%D1%80%D0%B5%D0%BD%D0%B4-solo/ HTTP/1.0" 200 17427 "-" "Mozilla/5.0 (Linux; Android 6.0.1; Nexus 5X Build/MMB29P) AppleWebKit/537.36 (KHTML, like Gecko) Chrome/118.0.5993.88 Mobile Safari/537.36 (compatible; Googlebot/2.1; +http://www.google.com/bot.html)"
91.203.178.194 - - [22/Oct/2023:09:22:24 +0300] "POST /wp-cron.php?doing_wp_cron=1697955744.2896049022674560546875 HTTP/1.0" 200 259 "-" "WordPress/6.3.2; https://vektor-smolensk.ru"
66.249.76.100 - - [22/Oct/2023:09:22:28 +0300] "POST /?wc-ajax=get_refreshed_fragments HTTP/1.0" 200 1406 "https://vektor-smolensk.ru/product/%D1%82%D1%80%D0%B8%D0%BA%D0%BE-%D1%82%D0%B0%D0%BD%D1%86%D0%B5%D0%B2%D0%B0%D0%BB%D1%8C%D0%BD%D0%BE%D0%B5-%D0%BF%D0%BE%D0%B4-%D0%BF%D1%8F%D1%82%D0%BA%D1%83-tr-70-28-%D0%B1%D1%80%D0%B5%D0%BD%D0%B4-solo/" "Mozilla/5.0 (Linux; Android 6.0.1; Nexus 5X Build/MMB29P) AppleWebKit/537.36 (KHTML, like Gecko) Chrome/118.0.5993.70 Mobile Safari/537.36 (compatible; Googlebot/2.1; +http://www.google.com/bot.html)"
66.249.66.64 - - [22/Oct/2023:09:24:48 +0300] "GET /wp-content/uploads/2022/03/924e149af069b8ea323a809fbb1171d4-205x324.jpg HTTP/1.1" 200 9392 "-" "Googlebot-Image/1.0"
51.222.41.85 - - [22/Oct/2023:09:26:06 +0300] "POST /xmlrpc.php HTTP/1.0" 200 553 "-" "Mozilla/5.0 (X11; Fedora; Linux x86_64; rv:94.0) Gecko/20100101 Firefox/95.0"
91.203.178.194 - - [22/Oct/2023:09:26:07 +0300] "POST /wp-cron.php?doing_wp_cron=1697955967.9179580211639404296875 HTTP/1.0" 200 259 "-" "WordPress/6.3.2; https://vektor-smolensk.ru"
213.180.203.193 - - [22/Oct/2023:09:31:42 +0300] "GET /product/%D1%85%D1%83%D0%B4%D0%B8-argo-classic-%D0%B0%D1%80%D1%82-j383/?add-to-cart=1847 HTTP/1.0" 200 21374 "-" "Mozilla/5.0 (compatible; YandexBot/3.0; +http://yandex.com/bots)"
91.203.178.194 - - [22/Oct/2023:09:31:43 +0300] "POST /wp-cron.php?doing_wp_cron=1697956303.8355638980865478515625 HTTP/1.0" 200 259 "-" "WordPress/6.3.2; https://vektor-smolensk.ru"
213.180.203.86 - - [22/Oct/2023:09:31:53 +0300] "GET /product/%D0%BA%D0%BE%D0%BB%D0%B3%D0%BE%D1%82%D0%BA%D0%B8-%D0%B4%D0%B5%D1%82%D1%81%D0%BA%D0%B8%D0%B5-haidi-astra-socks-90den/ HTTP/1.0" 200 18583 "-" "Mozilla/5.0 (compatible; YandexBot/3.0; +http://yandex.com/bots)"
51.222.41.85 - - [22/Oct/2023:09:32:22 +0300] "POST /xmlrpc.php HTTP/1.0" 200 553 "-" "Mozilla/5.0 (X11; Fedora; Linux x86_64; rv:94.0) Gecko/20100101 Firefox/95.0"
91.203.178.194 - - [22/Oct/2023:09:32:23 +0300] "POST /wp-cron.php?doing_wp_cron=1697956343.8148488998413085937500 HTTP/1.0" 200 259 "-" "WordPress/6.3.2; https://vektor-smolensk.ru"
104.248.141.116 - - [22/Oct/2023:09:38:26 +0300] "POST /xmlrpc.php HTTP/1.0" 200 555 "-" "Mozilla/5.0 (X11; Fedora; Linux x86_64; rv:94.0) Gecko/20100101 Firefox/95.0"
91.203.178.194 - - [22/Oct/2023:09:38:27 +0300] "POST /wp-cron.php?doing_wp_cron=1697956707.7673580646514892578125 HTTP/1.0" 200 259 "-" "WordPress/6.3.2; https://vektor-smolensk.ru"
213.180.203.115 - - [22/Oct/2023:09:40:13 +0300] "GET /product/%D0%BA%D0%BE%D0%BB%D0%B3%D0%BE%D1%82%D0%BA%D0%B8-%D0%B4%D0%B5%D1%82%D1%81%D0%BA%D0%B8%D0%B5-haidi-astra-socks-90den/?add-to-cart=1954 HTTP/1.0" 200 20953 "-" "Mozilla/5.0 (compatible; YandexBot/3.0; +http://yandex.com/bots)"
213.180.203.201 - - [22/Oct/2023:09:40:12 +0300] "GET /product/%D0%BA%D0%BE%D0%BB%D0%B3%D0%BE%D1%82%D0%BA%D0%B8-%D0%B4%D0%B5%D1%82%D1%81%D0%BA%D0%B8%D0%B5-haidi-astra-socks-90den/?add-to-cart=1959 HTTP/1.0" 200 21033 "-" "Mozilla/5.0 (compatible; YandexBot/3.0; +http://yandex.com/bots)"
91.203.178.194 - - [22/Oct/2023:09:39:07 +0300] "POST /wp-cron.php?doing_wp_cron=1697956747.3437750339508056640625 HTTP/1.0" 200 259 "-" "WordPress/6.3.2; https://vektor-smolensk.ru"
5.255.231.36 - - [22/Oct/2023:09:39:08 +0300] "GET /product/%D0%BB%D0%B5%D0%BD%D1%82%D0%B0-%D0%B0%D1%82%D0%BB%D0%B0%D1%81-grishko-%D1%81-%D1%8D%D0%BB%D0%B0%D1%81%D1%82%D0%B8%D1%87%D0%BD%D0%BE%D0%B9-%D0%B2%D1%81%D1%82%D0%B0%D0%B2%D0%BA%D0%BE%D0%B9-%D0%B0%D1%80/ HTTP/1.0" 200 16979 "-" "Mozilla/5.0 (compatible; YandexBot/3.0; +http://yandex.com/bots)"
87.250.224.79 - - [22/Oct/2023:09:39:09 +0300] "GET /product/%D0%BA%D0%BE%D0%BB%D0%B3%D0%BE%D1%82%D0%BA%D0%B8-%D0%B4%D0%B5%D1%82%D1%81%D0%BA%D0%B8%D0%B5-haidi-astra-socks-90den/?add-to-cart=1951 HTTP/1.0" 200 21095 "-" "Mozilla/5.0 (compatible; YandexBot/3.0; +http://yandex.com/bots)"
95.108.213.137 - - [22/Oct/2023:09:39:31 +0300] "GET /robots.txt HTTP/1.0" 200 361 "-" "Mozilla/5.0 (compatible; YandexBot/3.0; +http://yandex.com/bots)"
213.180.203.239 - - [22/Oct/2023:09:40:47 +0300] "GET /product/%D0%B2%D0%BA%D0%BB%D0%B0%D0%B4%D1%8B%D1%88%D0%B8-%D1%85%D0%BB%D0%BE%D0%BF%D0%BE%D0%BA-%D0%B3%D0%B5%D0%BB%D1%8C-%D0%B1%D1%80%D0%B5%D0%BD%D0%B4-%D0%B3%D1%80%D0%B8%D1%88%D0%BA%D0%BE-%D0%B0%D1%80/ HTTP/1.0" 200 17575 "-" "Mozilla/5.0 (compatible; YandexBot/3.0; +http://yandex.com/bots)"
213.180.203.219 - - [22/Oct/2023:09:40:47 +0300] "GET /product/%D0%BA%D0%BE%D0%BB%D0%B3%D0%BE%D1%82%D0%BA%D0%B8-%D0%B4%D0%B5%D1%82%D1%81%D0%BA%D0%B8%D0%B5-haidi-astra-socks-90den/?add-to-cart=1941 HTTP/1.0" 200 21020 "-" "Mozilla/5.0 (compatible; YandexBot/3.0; +http://yandex.com/bots)"
91.203.178.194 - - [22/Oct/2023:09:40:49 +0300] "POST /wp-cron.php?doing_wp_cron=1697956849.5158050060272216796875 HTTP/1.0" 200 259 "-" "WordPress/6.3.2; https://vektor-smolensk.ru"
213.180.203.22 - - [22/Oct/2023:09:42:33 +0300] "GET /product/%D0%BB%D0%B5%D0%BD%D1%82%D0%B0-%D0%B0%D1%82%D0%BB%D0%B0%D1%81-grishko-%D1%81-%D1%8D%D0%BB%D0%B0%D1%81%D1%82%D0%B8%D1%87%D0%BD%D0%BE%D0%B9-%D0%B2%D1%81%D1%82%D0%B0%D0%B2%D0%BA%D0%BE%D0%B9-%D0%B0%D1%80/?add-to-cart=1931 HTTP/1.0" 200 19426 "-" "Mozilla/5.0 (compatible; YandexBot/3.0; +http://yandex.com/bots)"
5.255.231.249 - - [22/Oct/2023:09:42:33 +0300] "GET /product/%D0%BA%D0%BE%D0%BB%D0%B3%D0%BE%D1%82%D0%BA%D0%B8-%D1%80%D0%B5%D0%BF%D0%B5%D1%82%D0%B8%D1%86%D0%B8%D0%BE%D0%BD%D0%BD%D1%8B%D0%B5-%D0%B1%D1%80%D0%B5%D0%BD%D0%B4-%D0%B3%D1%80%D0%B8%D1%88%D0%BA%D0%BE/ HTTP/1.0" 200 16870 "-" "Mozilla/5.0 (compatible; YandexBot/3.0; +http://yandex.com/bots)"
91.203.178.194 - - [22/Oct/2023:09:42:35 +0300] "POST /wp-cron.php?doing_wp_cron=1697956955.2076909542083740234375 HTTP/1.0" 200 259 "-" "WordPress/6.3.2; https://vektor-smolensk.ru"
213.180.203.45 - - [22/Oct/2023:09:42:40 +0300] "GET /product/%D0%BA%D0%BE%D0%BB%D0%B3%D0%BE%D1%82%D0%BA%D0%B8-%D0%B4%D0%B5%D1%82%D1%81%D0%BA%D0%B8%D0%B5-haidi-astra-socks-90den/?add-to-cart=1948 HTTP/1.0" 200 20950 "-" "Mozilla/5.0 (compatible; YandexBot/3.0; +http://yandex.com/bots)"
95.108.213.98 - - [22/Oct/2023:09:43:12 +0300] "GET /product/%D0%B1%D1%80%D1%8E%D0%BA%D0%B8-%D1%81%D0%BF%D0%BE%D1%80%D1%82%D0%B8%D0%B2%D0%BD%D1%8B%D0%B5-fd-100-107-%D0%B1%D1%80%D0%B5%D0%BD%D0%B4-solo/ HTTP/1.0" 200 17180 "-" "Mozilla/5.0 (compatible; YandexBot/3.0; +http://yandex.com/bots)"
213.180.203.216 - - [22/Oct/2023:09:43:12 +0300] "GET /product/%D0%B2%D0%BA%D0%BB%D0%B0%D0%B4%D1%8B%D1%88%D0%B8-%D1%85%D0%BB%D0%BE%D0%BF%D0%BE%D0%BA-%D0%B3%D0%B5%D0%BB%D1%8C-%D0%B1%D1%80%D0%B5%D0%BD%D0%B4-%D0%B3%D1%80%D0%B8%D1%88%D0%BA%D0%BE-%D0%B0%D1%80/?add-to-cart=1914 HTTP/1.0" 200 20009 "-" "Mozilla/5.0 (compatible; YandexBot/3.0; +http://yandex.com/bots)"
5.255.231.72 - - [22/Oct/2023:09:43:12 +0300] "GET /product/%D0%BB%D0%B5%D0%BD%D1%82%D0%B0-%D1%8D%D0%BB%D0%B0%D1%81%D1%82%D0%B8%D1%87%D0%BD%D0%B0%D1%8F-grishko-%D0%B0%D1%80%D1%82002/ HTTP/1.0" 200 18678 "-" "Mozilla/5.0 (compatible; YandexBot/3.0; +http://yandex.com/bots)"
213.180.203.193 - - [22/Oct/2023:09:43:13 +0300] "GET /product/%D0%B2%D0%BA%D0%BB%D0%B0%D0%B4%D1%8B%D1%88%D0%B8-%D1%85%D0%BB%D0%BE%D0%BF%D0%BE%D0%BA-%D0%B3%D0%B5%D0%BB%D1%8C-%D0%B1%D1%80%D0%B5%D0%BD%D0%B4-%D0%B3%D1%80%D0%B8%D1%88%D0%BA%D0%BE-%D0%B0%D1%80/?add-to-cart=1906 HTTP/1.0" 200 20064 "-" "Mozilla/5.0 (compatible; YandexBot/3.0; +http://yandex.com/bots)"
91.203.178.194 - - [22/Oct/2023:09:43:13 +0300] "POST /wp-cron.php?doing_wp_cron=1697956993.7154319286346435546875 HTTP/1.0" 200 259 "-" "WordPress/6.3.2; https://vektor-smolensk.ru"
213.180.203.86 - - [22/Oct/2023:09:43:16 +0300] "GET /product/%D0%BA%D0%BE%D0%BB%D0%B3%D0%BE%D1%82%D0%BA%D0%B8-%D0%B4%D0%B5%D1%82%D1%81%D0%BA%D0%B8%D0%B5-haidi-astra-socks-90den/ HTTP/1.0" 200 18650 "-" "Mozilla/5.0 (compatible; YandexBot/3.0; +http://yandex.com/bots)"
213.180.203.201 - - [22/Oct/2023:09:43:37 +0300] "GET /product/%D0%B2%D0%BA%D0%BB%D0%B0%D0%B4%D1%8B%D1%88%D0%B8-%D1%85%D0%BB%D0%BE%D0%BF%D0%BE%D0%BA-%D0%B3%D0%B5%D0%BB%D1%8C-%D0%B1%D1%80%D0%B5%D0%BD%D0%B4-%D0%B3%D1%80%D0%B8%D1%88%D0%BA%D0%BE-%D0%B0%D1%80/?add-to-cart=1918 HTTP/1.0" 200 19965 "-" "Mozilla/5.0 (compatible; YandexBot/3.0; +http://yandex.com/bots)"
66.249.76.99 - - [22/Oct/2023:09:44:08 +0300] "GET /wp-content/plugins/woocommerce/assets/css/select2.css?ver=7.1.0 HTTP/1.1" 200 14615 "https://vektor-smolensk.ru/cart/?remove_item=008bd5ad93b754d500338c253d9c1770&_wpnonce=ae163c50c3" "Mozilla/5.0 (Linux; Android 6.0.1; Nexus 5X Build/MMB29P) AppleWebKit/537.36 (KHTML, like Gecko) Chrome/118.0.5993.70 Mobile Safari/537.36 (compatible; Googlebot/2.1; +http://www.google.com/bot.html)"
66.249.76.101 - - [22/Oct/2023:09:44:09 +0300] "POST /?wc-ajax=get_refreshed_fragments HTTP/1.0" 200 1406 "https://vektor-smolensk.ru/cart/?remove_item=008bd5ad93b754d500338c253d9c1770&_wpnonce=ae163c50c3" "Mozilla/5.0 (Linux; Android 6.0.1; Nexus 5X Build/MMB29P) AppleWebKit/537.36 (KHTML, like Gecko) Chrome/118.0.5993.70 Mobile Safari/537.36 (compatible; Googlebot/2.1; +http://www.google.com/bot.html)"
91.203.178.194 - - [22/Oct/2023:09:44:10 +0300] "POST /wp-cron.php?doing_wp_cron=1697957050.9171340465545654296875 HTTP/1.0" 200 259 "-" "WordPress/6.3.2; https://vektor-smolensk.ru"
45.117.80.26 - - [22/Oct/2023:09:44:11 +0300] "POST /xmlrpc.php HTTP/1.0" 200 553 "-" "Mozilla/5.0 (X11; Fedora; Linux x86_64; rv:94.0) Gecko/20100101 Firefox/95.0"
66.249.66.89 - - [22/Oct/2023:09:46:13 +0300] "GET /comments/feed/ HTTP/1.0" 200 904 "-" "Mozilla/5.0 (compatible; Googlebot/2.1; +http://www.google.com/bot.html)"
91.203.178.194 - - [22/Oct/2023:09:46:15 +0300] "POST /wp-cron.php?doing_wp_cron=1697957175.1909430027008056640625 HTTP/1.0" 200 259 "-" "WordPress/6.3.2; https://vektor-smolensk.ru"
213.180.203.115 - - [22/Oct/2023:09:47:15 +0300] "GET /product/%D0%BB%D0%B5%D0%BD%D1%82%D0%B0-%D0%B0%D1%82%D0%BB%D0%B0%D1%81-grishko-%D1%81-%D1%8D%D0%BB%D0%B0%D1%81%D1%82%D0%B8%D1%87%D0%BD%D0%BE%D0%B9-%D0%B2%D1%81%D1%82%D0%B0%D0%B2%D0%BA%D0%BE%D0%B9-%D0%B0%D1%80/?add-to-cart=1952 HTTP/1.0" 200 19390 "-" "Mozilla/5.0 (compatible; YandexBot/3.0; +http://yandex.com/bots)"
5.255.231.36 - - [22/Oct/2023:09:47:15 +0300] "GET /product/%D0%BB%D0%B5%D0%BD%D1%82%D0%B0-%D0%B0%D1%82%D0%BB%D0%B0%D1%81-grishko-%D1%81-%D1%8D%D0%BB%D0%B0%D1%81%D1%82%D0%B8%D1%87%D0%BD%D0%BE%D0%B9-%D0%B2%D1%81%D1%82%D0%B0%D0%B2%D0%BA%D0%BE%D0%B9-%D0%B0%D1%80/?add-to-cart=1948 HTTP/1.0" 200 19518 "-" "Mozilla/5.0 (compatible; YandexBot/3.0; +http://yandex.com/bots)"
87.250.224.79 - - [22/Oct/2023:09:47:17 +0300] "GET /product/%D0%B2%D0%BA%D0%BB%D0%B0%D0%B4%D1%8B%D1%88%D0%B8-%D1%85%D0%BB%D0%BE%D0%BF%D0%BE%D0%BA-%D0%B3%D0%B5%D0%BB%D1%8C-%D0%B1%D1%80%D0%B5%D0%BD%D0%B4-%D0%B3%D1%80%D0%B8%D1%88%D0%BA%D0%BE-%D0%B0%D1%80/?add-to-cart=1934 HTTP/1.0" 200 19948 "-" "Mozilla/5.0 (compatible; YandexBot/3.0; +http://yandex.com/bots)"
91.203.178.194 - - [22/Oct/2023:09:47:22 +0300] "POST /wp-cron.php?doing_wp_cron=1697957242.5366199016571044921875 HTTP/1.0" 200 259 "-" "WordPress/6.3.2; https://vektor-smolensk.ru"
91.203.178.194 - - [22/Oct/2023:09:47:22 +0300] "POST /wp-cron.php?doing_wp_cron=1697957242.5371870994567871093750 HTTP/1.0" 200 259 "-" "WordPress/6.3.2; https://vektor-smolensk.ru"
91.203.178.194 - - [22/Oct/2023:09:47:22 +0300] "POST /wp-cron.php?doing_wp_cron=1697957242.5366098880767822265625 HTTP/1.0" 200 259 "-" "WordPress/6.3.2; https://vektor-smolensk.ru"
95.108.213.137 - - [22/Oct/2023:09:49:49 +0300] "GET /product/%D0%BB%D0%B5%D0%BD%D1%82%D0%B0-%D1%8D%D0%BB%D0%B0%D1%81%D1%82%D0%B8%D1%87%D0%BD%D0%B0%D1%8F-grishko-%D0%B0%D1%80%D1%82002/?add-to-cart=1933 HTTP/1.0" 200 21031 "-" "Mozilla/5.0 (compatible; YandexBot/3.0; +http://yandex.com/bots)"
91.203.178.194 - - [22/Oct/2023:09:49:51 +0300] "POST /wp-cron.php?doing_wp_cron=1697957391.2582008838653564453125 HTTP/1.0" 200 259 "-" "WordPress/6.3.2; https://vektor-smolensk.ru"
111.68.119.154 - - [22/Oct/2023:09:50:03 +0300] "POST /xmlrpc.php HTTP/1.0" 200 557 "-" "Mozilla/5.0 (X11; Fedora; Linux x86_64; rv:94.0) Gecko/20100101 Firefox/95.0"
91.203.178.194 - - [22/Oct/2023:09:50:05 +0300] "POST /wp-cron.php?doing_wp_cron=1697957405.0506000518798828125000 HTTP/1.0" 200 259 "-" "WordPress/6.3.2; https://vektor-smolensk.ru"
213.180.203.219 - - [22/Oct/2023:09:50:20 +0300] "GET /product/%D0%B1%D1%80%D1%8E%D0%BA%D0%B8-%D1%81%D0%BF%D0%BE%D1%80%D1%82%D0%B8%D0%B2%D0%BD%D1%8B%D0%B5-fd-100-107-%D0%B1%D1%80%D0%B5%D0%BD%D0%B4-solo/?add-to-cart=1932 HTTP/1.0" 200 19655 "-" "Mozilla/5.0 (compatible; YandexBot/3.0; +http://yandex.com/bots)"
66.249.66.89 - - [22/Oct/2023:09:52:21 +0300] "GET /product-category/%D1%84%D0%B8%D1%82%D0%BD%D0%B5%D1%81-%D1%82%D0%B0%D0%BD%D1%86%D1%8B-%D1%85%D0%BE%D1%80%D0%B5%D0%BE%D0%B3%D1%80%D0%B0%D1%84%D0%B8%D1%8F-%D0%B3%D0%B8%D0%BC%D0%BD%D0%B0%D1%81%D1%82%D0%B8%D0%BA%D0%B0/%D1%84%D0%B8%D1%82%D0%BD%D0%B5%D1%81-%D0%BE%D0%B1%D1%83%D0%B2%D1%8C/ HTTP/1.0" 200 16431 "-" "Mozilla/5.0 (Linux; Android 6.0.1; Nexus 5X Build/MMB29P) AppleWebKit/537.36 (KHTML, like Gecko) Chrome/118.0.5993.88 Mobile Safari/537.36 (compatible; Googlebot/2.1; +http://www.google.com/bot.html)"
91.203.178.194 - - [22/Oct/2023:09:52:28 +0300] "POST /wp-cron.php?doing_wp_cron=1697957548.7832360267639160156250 HTTP/1.0" 200 259 "-" "WordPress/6.3.2; https://vektor-smolensk.ru"
66.249.66.64 - - [22/Oct/2023:09:52:33 +0300] "POST /?wc-ajax=get_refreshed_fragments HTTP/1.0" 200 1406 "https://vektor-smolensk.ru/product-category/%D1%84%D0%B8%D1%82%D0%BD%D0%B5%D1%81-%D1%82%D0%B0%D0%BD%D1%86%D1%8B-%D1%85%D0%BE%D1%80%D0%B5%D0%BE%D0%B3%D1%80%D0%B0%D1%84%D0%B8%D1%8F-%D0%B3%D0%B8%D0%BC%D0%BD%D0%B0%D1%81%D1%82%D0%B8%D0%BA%D0%B0/%D1%84%D0%B8%D1%82%D0%BD%D0%B5%D1%81-%D0%BE%D0%B1%D1%83%D0%B2%D1%8C/" "Mozilla/5.0 (Linux; Android 6.0.1; Nexus 5X Build/MMB29P) AppleWebKit/537.36 (KHTML, like Gecko) Chrome/118.0.5993.70 Mobile Safari/537.36 (compatible; Googlebot/2.1; +http://www.google.com/bot.html)"
74.208.233.11 - - [22/Oct/2023:09:55:48 +0300] "POST /xmlrpc.php HTTP/1.0" 200 553 "-" "Mozilla/5.0 (X11; Fedora; Linux x86_64; rv:94.0) Gecko/20100101 Firefox/95.0"
91.203.178.194 - - [22/Oct/2023:09:55:50 +0300] "POST /wp-cron.php?doing_wp_cron=1697957750.1717479228973388671875 HTTP/1.0" 200 259 "-" "WordPress/6.3.2; https://vektor-smolensk.ru"
66.249.66.89 - - [22/Oct/2023:09:57:37 +0300] "GET /feed/ HTTP/1.0" 200 1341 "-" "Mozilla/5.0 (Linux; Android 6.0.1; Nexus 5X Build/MMB29P) AppleWebKit/537.36 (KHTML, like Gecko) Chrome/118.0.5993.88 Mobile Safari/537.36 (compatible; Googlebot/2.1; +http://www.google.com/bot.html)"
91.203.178.194 - - [22/Oct/2023:09:57:39 +0300] "POST /wp-cron.php?doing_wp_cron=1697957859.5121769905090332031250 HTTP/1.0" 200 259 "-" "WordPress/6.3.2; https://vektor-smolensk.ru"
213.180.203.239 - - [22/Oct/2023:09:58:28 +0300] "GET /product/%D0%BB%D0%B5%D0%BD%D1%82%D0%B0-%D0%B0%D1%82%D0%BB%D0%B0%D1%81-grishko-%D1%81-%D1%8D%D0%BB%D0%B0%D1%81%D1%82%D0%B8%D1%87%D0%BD%D0%BE%D0%B9-%D0%B2%D1%81%D1%82%D0%B0%D0%B2%D0%BA%D0%BE%D0%B9-%D0%B0%D1%80/?add-to-cart=1953 HTTP/1.0" 200 19586 "-" "Mozilla/5.0 (compatible; YandexBot/3.0; +http://yandex.com/bots)"
91.203.178.194 - - [22/Oct/2023:09:58:30 +0300] "POST /wp-cron.php?doing_wp_cron=1697957909.9980430603027343750000 HTTP/1.0" 200 259 "-" "WordPress/6.3.2; https://vektor-smolensk.ru"
51.222.253.6 - - [22/Oct/2023:09:58:56 +0300] "GET /robots.txt HTTP/1.0" 200 402 "-" "Mozilla/5.0 (compatible; AhrefsBot/7.0; +http://ahrefs.com/robot/)"
213.180.203.22 - - [22/Oct/2023:09:59:23 +0300] "GET /product/%D1%87%D0%B5%D1%85%D0%BE%D0%BB-%D0%B4%D0%BB%D1%8F-%D0%BF%D1%83%D0%B0%D0%BD%D1%82%D0%BE%D0%B2-grishko-%D0%B0%D1%80%D1%820928402/ HTTP/1.0" 200 17246 "-" "Mozilla/5.0 (compatible; YandexBot/3.0; +http://yandex.com/bots)"
5.255.231.249 - - [22/Oct/2023:09:59:22 +0300] "GET /product/%D0%BA%D0%BE%D0%BB%D0%B3%D0%BE%D1%82%D0%BA%D0%B8-%D0%B4%D0%B5%D1%82%D1%81%D0%BA%D0%B8%D0%B5-haidi-astra-socks-90den/?add-to-cart=1955 HTTP/1.0" 200 20928 "-" "Mozilla/5.0 (compatible; YandexBot/3.0; +http://yandex.com/bots)"
91.203.178.194 - - [22/Oct/2023:09:59:24 +0300] "POST /wp-cron.php?doing_wp_cron=1697957964.6532120704650878906250 HTTP/1.0" 200 259 "-" "WordPress/6.3.2; https://vektor-smolensk.ru"
213.180.203.45 - - [22/Oct/2023:09:59:25 +0300] "GET /product/%D0%BA%D0%BE%D0%BB%D0%B3%D0%BE%D1%82%D0%BA%D0%B8-%D0%B4%D0%B5%D1%82%D1%81%D0%BA%D0%B8%D0%B5-haidi-astra-socks-90den/?add-to-cart=1946 HTTP/1.0" 200 21017 "-" "Mozilla/5.0 (compatible; YandexBot/3.0; +http://yandex.com/bots)"
5.255.231.72 - - [22/Oct/2023:10:00:14 +0300] "GET /product/%D0%BB%D0%B5%D0%BD%D1%82%D0%B0-%D0%BC%D0%B0%D1%82%D0%BE%D0%B2%D0%B0%D1%8F-%D0%B4%D0%BB%D1%8F-%D0%BF%D1%83%D0%B0%D0%BD%D1%82%D0%BE%D0%B2-%D0%B1%D1%80%D0%B5%D0%BD%D0%B4-%D0%B3%D1%80%D0%B8%D1%88%D0%BA/ HTTP/1.0" 200 17214 "-" "Mozilla/5.0 (compatible; YandexBot/3.0; +http://yandex.com/bots)"
91.203.178.194 - - [22/Oct/2023:10:00:14 +0300] "POST /wp-cron.php?doing_wp_cron=1697958014.3738429546356201171875 HTTP/1.0" 200 259 "-" "WordPress/6.3.2; https://vektor-smolensk.ru"
221.120.103.135 - - [22/Oct/2023:10:00:12 +0300] "POST /wp-login.php HTTP/1.0" 200 3750 "-" "Mozilla/5.0 (Windows NT 6.1) AppleWebKit/537.36 (KHTML, like Gecko) Chrome/62.0.3202.94 Safari/537.36"
95.108.213.98 - - [22/Oct/2023:10:00:14 +0300] "GET /wp-json/oembed/1.0/embed?url=https%3A%2F%2Fvektor-smolensk.ru%2Fproduct%2F%25d0%25bb%25d0%25b5%25d0%25bd%25d1%2582%25d0%25b0-%25d0%25b0%25d1%2582%25d0%25bb%25d0%25b0%25d1%2581-grishko-%25d1%2581-%25d1%258d%25d0%25bb%25d0%25b0%25d1%2581%25d1%2582%25d0%25b8%25d1%2587%25d0%25bd%25d0%25be%25d0%25b9-%25d0%25b2%25d1%2581%25d1%2582%25d0%25b0%25d0%25b2%25d0%25ba%25d0%25be%25d0%25b9-%25d0%25b0%25d1%2580%2F HTTP/1.0" 200 4373 "-" "Mozilla/5.0 (compatible; YandexBot/3.0; +http://yandex.com/bots)"
213.180.203.216 - - [22/Oct/2023:10:00:16 +0300] "GET /?p=1951 HTTP/1.0" 301 547 "-" "Mozilla/5.0 (compatible; YandexBot/3.0; +http://yandex.com/bots)"
213.180.203.201 - - [22/Oct/2023:10:00:16 +0300] "GET /product/%D0%BB%D0%B5%D0%BD%D1%82%D0%B0-%D0%B0%D1%82%D0%BB%D0%B0%D1%81-grishko-%D1%81-%D1%8D%D0%BB%D0%B0%D1%81%D1%82%D0%B8%D1%87%D0%BD%D0%BE%D0%B9-%D0%B2%D1%81%D1%82%D0%B0%D0%B2%D0%BA%D0%BE%D0%B9-%D0%B0%D1%80/?add-to-cart=1951 HTTP/1.0" 200 19368 "-" "Mozilla/5.0 (compatible; YandexBot/3.0; +http://yandex.com/bots)"
213.180.203.86 - - [22/Oct/2023:10:00:16 +0300] "GET /product-tag/%D0%BF%D1%83%D0%B0%D0%BD%D1%82%D1%8B-grishko/ HTTP/1.0" 200 15739 "-" "Mozilla/5.0 (compatible; YandexBot/3.0; +http://yandex.com/bots)"
213.180.203.193 - - [22/Oct/2023:10:00:16 +0300] "GET /wp-json/oembed/1.0/embed?url=https%3A%2F%2Fvektor-smolensk.ru%2Fproduct%2F%25d0%25bb%25d0%25b5%25d0%25bd%25d1%2582%25d0%25b0-%25d0%25b0%25d1%2582%25d0%25bb%25d0%25b0%25d1%2581-grishko-%25d1%2581-%25d1%258d%25d0%25bb%25d0%25b0%25d1%2581%25d1%2582%25d0%25b8%25d1%2587%25d0%25bd%25d0%25be%25d0%25b9-%25d0%25b2%25d1%2581%25d1%2582%25d0%25b0%25d0%25b2%25d0%25ba%25d0%25be%25d0%25b9-%25d0%25b0%25d1%2580%2F&format=xml HTTP/1.0" 200 2027 "-" "Mozilla/5.0 (compatible; YandexBot/3.0; +http://yandex.com/bots)"
213.180.203.115 - - [22/Oct/2023:10:00:17 +0300] "GET /product/%D0%BB%D0%B5%D0%BD%D1%82%D0%B0-%D0%B0%D1%82%D0%BB%D0%B0%D1%81-grishko-%D1%81-%D1%8D%D0%BB%D0%B0%D1%81%D1%82%D0%B8%D1%87%D0%BD%D0%BE%D0%B9-%D0%B2%D1%81%D1%82%D0%B0%D0%B2%D0%BA%D0%BE%D0%B9-%D0%B0%D1%80/?add-to-cart=1939 HTTP/1.0" 200 19540 "-" "Mozilla/5.0 (compatible; YandexBot/3.0; +http://yandex.com/bots)"
5.255.231.36 - - [22/Oct/2023:10:00:18 +0300] "GET /wp-json/wp/v2/product/1951 HTTP/1.0" 200 3393 "-" "Mozilla/5.0 (compatible; YandexBot/3.0; +http://yandex.com/bots)"
87.250.224.79 - - [22/Oct/2023:10:00:19 +0300] "GET /product/%D0%BB%D0%B5%D0%BD%D1%82%D0%B0-%D0%B0%D1%82%D0%BB%D0%B0%D1%81-grishko-%D1%81-%D1%8D%D0%BB%D0%B0%D1%81%D1%82%D0%B8%D1%87%D0%BD%D0%BE%D0%B9-%D0%B2%D1%81%D1%82%D0%B0%D0%B2%D0%BA%D0%BE%D0%B9-%D0%B0%D1%80/ HTTP/1.0" 200 17097 "-" "Mozilla/5.0 (compatible; YandexBot/3.0; +http://yandex.com/bots)"
66.249.76.100 - - [22/Oct/2023:10:00:46 +0300] "GET /product/%D0%BB%D0%B5%D0%BD%D1%82%D0%B0-%D0%BC%D0%B0%D1%82%D0%BE%D0%B2%D0%B0%D1%8F-%D0%B4%D0%BB%D1%8F-%D0%BF%D1%83%D0%B0%D0%BD%D1%82%D0%BE%D0%B2-%D0%B1%D1%80%D0%B5%D0%BD%D0%B4-%D0%B3%D1%80%D0%B8%D1%88%D0%BA/ HTTP/1.0" 200 17142 "-" "Mozilla/5.0 (Linux; Android 6.0.1; Nexus 5X Build/MMB29P) AppleWebKit/537.36 (KHTML, like Gecko) Chrome/118.0.5993.88 Mobile Safari/537.36 (compatible; Googlebot/2.1; +http://www.google.com/bot.html)"
66.249.66.89 - - [22/Oct/2023:10:00:51 +0300] "POST /?wc-ajax=get_refreshed_fragments HTTP/1.0" 200 1406 "https://vektor-smolensk.ru/product/%D0%BB%D0%B5%D0%BD%D1%82%D0%B0-%D0%BC%D0%B0%D1%82%D0%BE%D0%B2%D0%B0%D1%8F-%D0%B4%D0%BB%D1%8F-%D0%BF%D1%83%D0%B0%D0%BD%D1%82%D0%BE%D0%B2-%D0%B1%D1%80%D0%B5%D0%BD%D0%B4-%D0%B3%D1%80%D0%B8%D1%88%D0%BA/" "Mozilla/5.0 (Linux; Android 6.0.1; Nexus 5X Build/MMB29P) AppleWebKit/537.36 (KHTML, like Gecko) Chrome/118.0.5993.70 Mobile Safari/537.36 (compatible; Googlebot/2.1; +http://www.google.com/bot.html)"
104.248.45.30 - - [22/Oct/2023:10:01:35 +0300] "POST /xmlrpc.php HTTP/1.0" 200 553 "-" "Mozilla/5.0 (X11; Fedora; Linux x86_64; rv:94.0) Gecko/20100101 Firefox/95.0"
91.203.178.194 - - [22/Oct/2023:10:01:37 +0300] "POST /wp-cron.php?doing_wp_cron=1697958097.1894009113311767578125 HTTP/1.0" 200 259 "-" "WordPress/6.3.2; https://vektor-smolensk.ru"
137.59.125.74 - - [22/Oct/2023:10:05:11 +0300] "POST /wp-login.php HTTP/1.0" 200 3755 "-" "Mozilla/5.0 (Windows NT 10.0; Win64; x64) AppleWebKit/537.36 (KHTML, like Gecko) Chrome/60.0.3112.101 Safari/537.36"
91.203.178.194 - - [22/Oct/2023:10:05:13 +0300] "POST /wp-cron.php?doing_wp_cron=1697958313.7239971160888671875000 HTTP/1.0" 200 259 "-" "WordPress/6.3.2; https://vektor-smolensk.ru"
192.227.156.98 - - [22/Oct/2023:10:07:20 +0300] "POST /xmlrpc.php HTTP/1.0" 200 557 "-" "Mozilla/5.0 (X11; Fedora; Linux x86_64; rv:94.0) Gecko/20100101 Firefox/95.0"
91.203.178.194 - - [22/Oct/2023:10:07:22 +0300] "POST /wp-cron.php?doing_wp_cron=1697958442.1185679435729980468750 HTTP/1.0" 200 259 "-" "WordPress/6.3.2; https://vektor-smolensk.ru"
66.249.76.100 - - [22/Oct/2023:10:08:52 +0300] "GET /feed/ HTTP/1.0" 200 1341 "-" "Mozilla/5.0 (compatible; Googlebot/2.1; +http://www.google.com/bot.html)"
91.203.178.194 - - [22/Oct/2023:10:08:54 +0300] "POST /wp-cron.php?doing_wp_cron=1697958534.4902770519256591796875 HTTP/1.0" 200 259 "-" "WordPress/6.3.2; https://vektor-smolensk.ru"
95.108.213.137 - - [22/Oct/2023:10:10:06 +0300] "GET /product/%D0%BB%D0%B5%D0%BD%D1%82%D0%B0-%D0%BC%D0%B0%D1%82%D0%BE%D0%B2%D0%B0%D1%8F-%D0%B4%D0%BB%D1%8F-%D0%BF%D1%83%D0%B0%D0%BD%D1%82%D0%BE%D0%B2-%D0%B1%D1%80%D0%B5%D0%BD%D0%B4-%D0%B3%D1%80%D0%B8%D1%88%D0%BA/?add-to-cart=1952 HTTP/1.0" 200 19642 "-" "Mozilla/5.0 (compatible; YandexBot/3.0; +http://yandex.com/bots)"
